000
CXZS50 NSTU 030716
CLMPPG


CLIMATE REPORT
NATIONAL WEATHER SERVICE PAGO PAGO AS
816 PM SST THU APR 2 2020

.....................................

...THE PAGO PAGO AIRPORT CLIMATE SUMMARY FOR THE MONTH OF MARCH 2020...

CLIMATE NORMAL PERIOD 1981 TO 2010
CLIMATE RECORD PERIOD 1956 TO 2020

WEATHER ITEM      OBSERVED    DATES       NORMAL      DEPARTURE   LAST YEAR
                  VALUE                   VALUE       FROM        VALUE DATE(S)
                                                      NORMAL
.............................................................................
TEMPERATURE (F)
RECORD
 HIGH             95         3/25/1998
 LOW              63         3/02/1965

HIGHEST           92         3/09         88          4           90 3/12
                             3/08                                    3/02

LOWEST            76         3/24         78         -2           74 3/01
                             3/19
                             3/18
                             3/06

AVG. MAXIMUM      89.1                    88.1        1.0         87.7
AVG. MINIMUM      78.1                    77.5        0.6         78.1
MEAN              83.6                    82.8        0.8         82.9
DAYS MAX >= 90    15                       5.3        9.7          2
DAYS MAX <= 32     0                       0.0        0.0          0
DAYS MIN <= 32     0                       0.0        0.0          0
DAYS MIN <= 0      0                       0.0        0.0          0

PRECIPITATION (INCHES)
RECORD
 MAXIMUM          31.84      1961
 MINIMUM           4.01      1976
TOTALS             8.19                  11.66       -3.47        11.47
DAILY AVG.         0.26                   0.38       -0.11         0.37
DAYS >= .01       18                     23.8        -5.8         23
DAYS >= .10       12                     16.8        -4.8         16
DAYS >= .50        5                      6.9        -1.9         12
DAYS >= 1.00       2                      3.2        -1.2          2
GREATEST
 24 HR. TOTAL      2.53     3/26 TO 27                      1.86 3/5 TO 6

DEGREE DAYS
HEATING TOTAL     000                     00          00          00
SINCE 1/1         000                     00          00          00
COOLING TOTAL     585                    552          33         560
SINCE 1/1        1638                   1590          48        1655

WIND (MPH)
AVERAGE WIND SPEED 5.1
HIGHEST WIND SPEED/DIRECTION   22/130     DATE 3/27
HIGHEST GUST SPEED/DIRECTION   MM         DATE MM

SKY COVER
POSSIBLE SUNSHINE (PERCENT)    MM
AVERAGE SKY COVER               5.1
NUMBER OF DAYS FAIR             0
NUMBER OF DAYS PC              26
NUMBER OF DAYS CLOUDY           5

AVERAGE RH (PERCENT)           82.9

WEATHER CONDITIONS NUMBER OF DAYS WITH
THUNDERSTORM             1    MIXED PRECIP            00
HEAVY RAIN               4    RAIN                    00
LIGHT RAIN              20    FREEZING RAIN           00
LT FREEZING RAIN        00    HAIL                    00
HEAVY SNOW              00    SNOW                    00
LIGHT SNOW              00    SLEET                   00
FOG                     00    FOG W/VIS <= 1/4 MILE   00
HAZE                    00

- INDICATES NEGATIVE NUMBERS
R INDICATES RECORD WAS SET OR TIED
MM INDICATES DATA IS MISSING
T INDICATES TRACE AMOUNTTEMPERATURE (F)


USA.gov is the U.S. government's official web portal to all federal, state and local government web resources and services.
  • National Weather Service
  • WSO Pago Pago Weather Service Office
  • Pago Pago, AS
  • (684) 699-9130
  • Page Author: PPG Webmaster
  • Incorrect Region Format!
  • Web Master's E-mail:
  • Page last modified: Mar 10th, 2020 21:02 UTC