000
CXUS46 KPDT 011520
CLMPSC

CLIMATE REPORT
NATIONAL WEATHER SERVICE PENDLETON OREGON
717 AM PST SUN MAR 01 2020

....................................

...THE PASCO WA CLIMATE SUMMARY FOR THE MONTH OF FEBRUARY 2020...

CLIMATE NORMAL PERIOD 1981 TO 2010
CLIMATE RECORD PERIOD 1942 TO 2020

WEATHER         OBSERVED          NORMAL  DEPART        LAST YEAR`S
                 VALUE   DATE(S)  VALUE   FROM         VALUE DATE(S)
                                          NORMAL

................................................................

TEMPERATURE (F)
RECORD
 HIGH              68   2/17/2007
 LOW               -2   2/ 6/2019
HIGHEST            65   2/28                               45   2/ 3
LOWEST             17   2/20                               -2   2/ 6
AVG. MAXIMUM     55.0            48.9       6.1          32.2
AVG. MINUMUM     29.0            28.7       0.3          17.4
MEAN             42.0            38.8       3.2          24.8
DAYS MAX >= 90      0               0         0             0
DAYS MAX <= 32      0              16       -16            15
DAYS MIN <= 32     19              25        -6            28
DAYS MIN <= 0       0              16       -16            28

PRECIPITATION (INCHES)
RECORD
 MAXIMUM          1.62   2017
 MINIMUM          0.05   2005
TOTALS            0.32            0.86     -0.54          1.16
DAILY AVG.        0.01            0.03     -0.02          0.04
DAYS >=  0.01        6               2         4            16
DAYS >=  0.10        1               1         0             3
DAYS >=  0.50        0               0         0             0
DAYS >=  1.00        0               0         0             0
GREATEST
 24 HR. TOTAL     0.13   2/ 6

DEGREE DAYS
HEATING TOTAL      658             755       -97          1119
 SINCE 7/1        3634            3899      -265          4087
COOLING TOTAL        0               0         0             0
 SINCE 1/1           0               0         0             0

.............................................................

WIND (MPH)
AVERAGE WIND SPEED                     6.7
RESULTANT WIND SPEED/DIRECTION         5/234
HIGHEST WIND SPEED/DIRECTION          37/270      DATE          02/23
HIGHEST GUST SPEED/DIRECTION          49/260      DATE          02/23


WEATHER CONDITIONS. NUMBER OF DAYS WITH
THUNDERSTORM               0    MIXED PRECIP                           0
HEAVY RAIN                 0    RAIN                                   1
LIGHT RAIN                10    FREEZING RAIN                          0
LT FREEZING RAIN           0    HAIL                                   0
HEAVY SNOW                 0    SNOW                                   0
LIGHT SNOW                 1    SLEET                                  0
FOG                        3    FOG W/VIS <=1/4 MILE                   0
HAZE                       1

-  INDICATES NEGATIVE NUMBERS.
R  INDICATES RECORD WAS SET OR TIED.
MM INDICATES DATA IS MISSING.
T  INDICATES TRACE AMOUNT.

$$


USA.gov is the U.S. government's official web portal to all federal, state and local government web resources and services.
  • National Weather Service
  • WSO Pago Pago Weather Service Office
  • Pago Pago, AS
  • (684) 699-9130
  • Page Author: PPG Webmaster
  • Incorrect Region Format!
  • Web Master's E-mail:
  • Page last modified: Mar 10th, 2020 21:02 UTC