000
CXUS51 KALY 010643
CLMPSF


CLIMATE REPORT
NATIONAL WEATHER SERVICE ALBANY NY
141 AM EST SUN MAR 1 2020

...................................

...THE PITTSFIELD MA CLIMATE SUMMARY FOR THE MONTH OF FEBRUARY 2020...

CLIMATE NORMAL PERIOD 1981 TO 2010
CLIMATE RECORD PERIOD 9999 TO 9999

WEATHER         OBSERVED          NORMAL  DEPART  LAST YEAR`S
                 VALUE   DATE(S)  VALUE   FROM    VALUE  DATE(S)
                                          NORMAL
................................................................
TEMPERATURE (F)
HIGHEST            56   02/24                         60  02/04
LOWEST             -4   02/15                         -5  02/02
AVG. MAXIMUM     36.5              32.3     4.2     34.1
AVG. MINIMUM     21.3              15.2     6.1     17.8
MEAN             28.9              23.8     5.1     26.0
DAYS MAX >= 90      0               0.0     0.0        0
DAYS MAX <= 32      8              14.0    -6.0       13
DAYS MIN <= 32     26              26.8    -0.8       27
DAYS MIN <= 0       1               1.6    -0.6        2

PRECIPITATION (INCHES)
TOTALS           2.92              2.68    0.24     2.78
DAILY AVG.       0.10                               0.10
DAYS >= .01        12                                 15
DAYS >= .10         7                                 10
DAYS >= .50         3                                  1
DAYS >= 1.00        0                                  0
GREATEST
 24 HR. TOTAL    0.61   02/27 TO 02/27

DEGREE_DAYS
HEATING TOTAL    1039              1155    -116     1087
 SINCE 7/1       4802              5418    -616     5051
COOLING TOTAL       0                 0       0        0
 SINCE 1/1          0                 0       0        0

FREEZE DATES
EARLIEST                        10/04
LATEST                          05/07
.................................................................

WIND (MPH)
AVERAGE WIND SPEED              7.1
HIGHEST WIND SPEED/DIRECTION    36/260    DATE  02/27
HIGHEST GUST SPEED/DIRECTION    54/270    DATE  02/07

SKY COVER
AVERAGE SKY COVER           0.60

AVERAGE RH (PERCENT)     66

-  INDICATES NEGATIVE NUMBERS.
R  INDICATES RECORD WAS SET OR TIED.
MM INDICATES DATA IS MISSING.
T  INDICATES TRACE AMOUNT.

$$



USA.gov is the U.S. government's official web portal to all federal, state and local government web resources and services.
  • National Weather Service
  • WSO Pago Pago Weather Service Office
  • Pago Pago, AS
  • (684) 699-9130
  • Page Author: PPG Webmaster
  • Incorrect Region Format!
  • Web Master's E-mail:
  • Page last modified: Mar 10th, 2020 21:02 UTC