000
CXUS55 KPUB 030224
CLMPUB

CLIMATE REPORT
NATIONAL WEATHER SERVICE
724 PM MST MON MAR 02 2020

...................................

...THE PUEBLO CO CLIMATE SUMMARY FOR THE MONTH OF FEBRUARY 2020...

CLIMATE NORMAL PERIOD: 1981 TO 2010
CLIMATE RECORD PERIOD: 1888 TO 2020

WEATHER         OBSERVED          NORMAL  DEPART   LAST YEAR`S
                VALUE   DATE(S)   VALUE   FROM     VALUE DATE(S)
                                          NORMAL
................................................................
TEMPERATURE (F)
RECORD
 HIGH             82   02/10/2017
 LOW             -27   02/12/1899
HIGHEST           79   02/02         54      25       70  02/13
LOWEST            -2   02/05         16     -18        4  02/08
AVG. MAXIMUM    46.4               50.5    -4.1     51.6
AVG. MINIMUM    17.1               17.3    -0.2     16.4
MEAN            31.8               33.9    -2.1     34.0
DAYS MAX >= 90     0                0.0     0.0
DAYS MAX <= 32     8                2.7     5.3
DAYS MIN <= 32    28               26.9     1.1
DAYS MIN <= 0      1                1.6    -0.6

PRECIPITATION (INCHES)
RECORD
 MAXIMUM        1.47   1897
 MINIMUM           T   2006
TOTALS          0.68               0.30    0.38     0.22
DAILY AVG.      0.02                NAN     NAN
DAYS >= .01       10                3.7     6.3
DAYS >= .10        2                1.0     1.0
DAYS >= .50        0                0.0     0.0
DAYS >= 1.00       0                0.0     0.0
GREATEST
 24 HR. TOTAL   0.25   02/10 TO 02/11

SNOWFALL (INCHES)
RECORDS
 TOTAL          23.5   2015
TOTALS          11.5                3.8     7.7      5.6
SINCE 7/1       32.3               21.8    10.5       MM
SNOWDEPTH AVG.     0
DAYS >= 1.0        5                1.3     3.7
GREATEST
 SNOW DEPTH        3   02/07                           2
                       02/11
 24 HR TOTAL     3.7   02/06 TO 02/07                2.2

DEGREE DAYS
HEATING TOTAL    955                871      84      860
 SINCE 7/1      4182               4357    -175     4080
COOLING TOTAL      0                  0       0        0
 SINCE 1/1         0                  0       0        0
................................................................

WIND (MPH)
AVERAGE WIND SPEED              7.3
HIGHEST WIND SPEED/DIRECTION    44/010    DATE  02/25
HIGHEST GUST SPEED/DIRECTION    57/360    DATE  02/25

SKY COVER
POSSIBLE SUNSHINE (PERCENT)   MM
AVERAGE SKY COVER           0.36
NUMBER OF DAYS FAIR           16
NUMBER OF DAYS PC              8
NUMBER OF DAYS CLOUDY          5

AVERAGE RH (PERCENT)     61

WEATHER CONDITIONS. NUMBER OF DAYS WITH
THUNDERSTORM              0     MIXED PRECIP               1
HEAVY RAIN                0     RAIN                       0
LIGHT RAIN                0     FREEZING RAIN              0
LT FREEZING RAIN          1     HAIL                       0
HEAVY SNOW                0     SNOW                       3
LIGHT SNOW               15     SLEET                      0
FOG                      15     FOG W/VIS <= 1/4 MILE      3
HAZE                     12

-  INDICATES NEGATIVE NUMBERS.
R  INDICATES RECORD WAS SET OR TIED.
MM INDICATES DATA IS MISSING.
T  INDICATES TRACE AMOUNT.

$$


USA.gov is the U.S. government's official web portal to all federal, state and local government web resources and services.
  • National Weather Service
  • WSO Pago Pago Weather Service Office
  • Pago Pago, AS
  • (684) 699-9130
  • Page Author: PPG Webmaster
  • Incorrect Region Format!
  • Web Master's E-mail:
  • Page last modified: Mar 10th, 2020 21:02 UTC