000
CXUS56 KOTX 011146
CLMPUW


CLIMATE REPORT
NATIONAL WEATHER SERVICE SPOKANE, WA
439 AM PDT WED APR 1 2020

...................................

...THE PULLMAN-MOSCOW  AIRPORT CLIMATE SUMMARY FOR THE MONTH OF MARCH 2020...

CLIMATE NORMAL PERIOD 1981 TO 2010
CLIMATE RECORD PERIOD 9999 TO 9999

WEATHER         OBSERVED          NORMAL  DEPART  LAST YEAR`S
                 VALUE   DATE(S)  VALUE   FROM    VALUE  DATE(S)
                                          NORMAL
................................................................
TEMPERATURE (F)
RECORD
 HIGH              73   03/25/1960
 LOW               -9   03/04/2019
HIGHEST            61   03/05        MM      MM       60  03/20
LOWEST             20   03/17        MM      MM       -9  03/04
                        03/16
                        03/15
AVG. MAXIMUM     48.9              49.3    -0.4     42.9
AVG. MINIMUM     28.3              31.9    -3.6     22.5
MEAN             38.6              40.6    -2.0     32.7
DAYS MAX >= 90      0               0.0     0.0        0
DAYS MAX <= 32      0               0.4    -0.4        7
DAYS MIN <= 32     23              15.3     7.7       22
DAYS MIN <= 0       0               0.0     0.0        4

PRECIPITATION (INCHES)
RECORD
 MAXIMUM         5.25   2017
 MINIMUM         0.45   1992
TOTALS           1.17              2.05   -0.88     0.65
DAILY AVG.       0.04              0.07   -0.03     0.02
DAYS >= .01         7                MM      MM        9
DAYS >= .10         5                MM      MM        4
DAYS >= .50         0                MM      MM        0
DAYS >= 1.00        0                MM      MM        0
GREATEST
 24 HR. TOTAL    0.39   03/30 TO 03/30              0.15

DEGREE_DAYS
HEATING TOTAL     811               756      55      993
 SINCE 7/1       5139              5459    -320     5637
COOLING TOTAL       0                 0       0        0
 SINCE 1/1          0                 0       0        0
.................................................................

WIND (MPH)
AVERAGE WIND SPEED              7.4
HIGHEST WIND SPEED/DIRECTION    33/250    DATE  03/03
HIGHEST GUST SPEED/DIRECTION    45/260    DATE  03/03

SKY COVER
POSSIBLE SUNSHINE (PERCENT)   MM
AVERAGE SKY COVER           0.40
NUMBER OF DAYS FAIR           17
NUMBER OF DAYS PC              5
NUMBER OF DAYS CLOUDY          9

AVERAGE RH (PERCENT)     65

WEATHER CONDITIONS. NUMBER OF DAYS WITH
  0
  2
  0
  0
  2
  0
  3
HAZE                      4

-  INDICATES NEGATIVE NUMBERS.
R  INDICATES RECORD WAS SET OR TIED.
MM INDICATES DATA IS MISSING.
T  INDICATES TRACE AMOUNT.

$$


USA.gov is the U.S. government's official web portal to all federal, state and local government web resources and services.
  • National Weather Service
  • WSO Pago Pago Weather Service Office
  • Pago Pago, AS
  • (684) 699-9130
  • Page Author: PPG Webmaster
  • Incorrect Region Format!
  • Web Master's E-mail:
  • Page last modified: Mar 10th, 2020 21:02 UTC