000
CXUS51 KBOX 012303
CLMPVD


CLIMATE REPORT
NATIONAL WEATHER SERVICE BOSTON/NORTON MA
653 PM EDT WED APR 1 2020

...................................

...THE PROVIDENCE RI CLIMATE SUMMARY FOR THE MONTH OF MARCH 2020...

CLIMATE NORMAL PERIOD 1981 TO 2010
CLIMATE RECORD PERIOD 1904 TO 2020

WEATHER         OBSERVED          NORMAL  DEPART  LAST YEAR`S
                 VALUE   DATE(S)  VALUE   FROM    VALUE
                                          NORMAL
.............................................................
TEMPERATURE (F)
RECORD
 HIGH              90   03/29/1945
 LOW                1   03/19/1967
                        03/04/1950
                        03/06/1948
HIGHEST            72   03/09
LOWEST             19   03/01
AVG. MAXIMUM     52.8              47.8     5.0
AVG. MINIMUM     34.4              30.0     4.4
MEAN             43.6              38.9     4.7     36.8
DAYS MAX >= 90      0               0.0     0.0
DAYS MAX <= 32      0               1.2    -1.2
DAYS MIN <= 32     12              18.1    -6.1
DAYS MIN <= 0       0               0.0     0.0

PRECIPITATION (INCHES)
RECORD
 MAXIMUM        16.34   2010
 MINIMUM         0.07   1915
TOTALS           4.90              5.01   -0.11
DAYS >= .01        15              11.9     3.1
DAYS >= .10         7               7.7    -0.7
DAYS >= .50         3               3.0     0.0        3
DAYS >= 1.00        1               1.3    -0.3
GREATEST
 24 HR. TOTAL    1.73   03/23 TO 03/23

SNOWFALL (INCHES)
RECORDS
 TOTAL           31.6   1956
 SNOW DEPTH        20   03/06/2015
                        03/20/1956
TOTALS            0.4               5.5    -5.1
SINCE 7/1        12.0              33.2   -21.2
SNOWDEPTH AVG.      0
DAYS >= 1.0         0               1.6    -1.6
GREATEST
 SNOW DEPTH         0   MM
 24 HR TOTAL      0.2   03/24 TO 03/24

DEGREE_DAYS
HEATING TOTAL     654               809    -155
 SINCE 7/1       4364              4871    -507
COOLING TOTAL       0                 0       0
 SINCE 1/1          0                 0       0
..............................................................

WIND (MPH)
AVERAGE WIND SPEED              10.3
RESULTANT WIND SPEED/DIRECTION   2/332
HIGHEST WIND SPEED/DIRECTION    33/040    DATE  03/06
HIGHEST GUST SPEED/DIRECTION    44/020    DATE  03/07

SKY COVER
POSSIBLE SUNSHINE (PERCENT)   MM
AVERAGE SKY COVER           0.60
NUMBER OF DAYS FAIR            6
NUMBER OF DAYS PC             15
NUMBER OF DAYS CLOUDY         10

AVERAGE RH (PERCENT)     61

WEATHER CONDITIONS. NUMBER OF DAYS WITH
  0
  7
  0
  0
  2
  1
  1
HAZE                      0

-  INDICATES NEGATIVE NUMBERS.
R  INDICATES RECORD WAS SET OR TIED.
MM INDICATES DATA IS MISSING.
T  INDICATES TRACE AMOUNT.

$$


USA.gov is the U.S. government's official web portal to all federal, state and local government web resources and services.
  • National Weather Service
  • WSO Pago Pago Weather Service Office
  • Pago Pago, AS
  • (684) 699-9130
  • Page Author: PPG Webmaster
  • Incorrect Region Format!
  • Web Master's E-mail:
  • Page last modified: Mar 10th, 2020 21:02 UTC