000
CXUS53 KLOT 011625
CLMPWK


CLIMATE REPORT
NATIONAL WEATHER SERVICE CHICAGO IL
1125 AM CDT WED APR 1 2020

...................................

...THE CHICAGO EXECUTIVE CLIMATE SUMMARY FOR THE MONTH OF MARCH 2020...

CLIMATE NORMAL PERIOD 1981 TO 2010
CLIMATE RECORD PERIOD 1996 TO 2020

WEATHER         OBSERVED          NORMAL  DEPART  LAST YEAR`S
                 VALUE   DATE(S)  VALUE   FROM    VALUE
                                          NORMAL
.............................................................
TEMPERATURE (F)
RECORD
 HIGH              86   03/21/2012
                        03/20/2012
                        03/20/2012
 LOW               -4   03/03/2014
HIGHEST            67   03/08        MM      MM       68
LOWEST             20   03/07        MM      MM       -2
AVG. MAXIMUM     50.1              46.1     4.0     43.5
AVG. MINIMUM     33.3              28.9     4.4     26.4
MEAN             41.7              37.5     4.2     35.0

PRECIPITATION (INCHES)
RECORD
 MAXIMUM         3.66   2009
 MINIMUM         0.42   2005
TOTALS           3.57              2.25    1.32     1.74

DEGREE_DAYS
HEATING TOTAL     715               853    -138      923
 SINCE 7/1       5009              5591    -582     5638
COOLING TOTAL       0                 0       0        0
 SINCE 1/1          0                 0       0        0
..............................................................

WIND (MPH)
AVERAGE WIND SPEED              9.0
HIGHEST WIND SPEED/DIRECTION    31/250    DATE  03/29
HIGHEST GUST SPEED/DIRECTION    50/230    DATE  03/29

AVERAGE RH (PERCENT)     70


-  INDICATES NEGATIVE NUMBERS.
R  INDICATES RECORD WAS SET OR TIED.
MM INDICATES DATA IS MISSING.
T  INDICATES TRACE AMOUNT.

$$



USA.gov is the U.S. government's official web portal to all federal, state and local government web resources and services.
  • National Weather Service
  • WSO Pago Pago Weather Service Office
  • Pago Pago, AS
  • (684) 699-9130
  • Page Author: PPG Webmaster
  • Incorrect Region Format!
  • Web Master's E-mail:
  • Page last modified: Mar 10th, 2020 21:02 UTC