000
CXUS51 KGYX 020927
CLMPWM

PWMCLMPWM 000
TTAA00 KGYX 020535


CLIMATE REPORT
NATIONAL WEATHER SERVICE GRAY ME
526 AM EDT THU APR 2 2020

...................................

...THE PORTLAND ME CLIMATE SUMMARY FOR THE MONTH OF MARCH 2020...

CLIMATE NORMAL PERIOD 1981 TO 2010
CLIMATE RECORD PERIOD 1941 TO 2019 /FOR TEMPERATURES/
CLIMATE RECORD PERIOD 1871 TO 2019 /FOR PRECIPITATION/
CLIMATE RECORD PERIOD 1882 TO 2019 /FOR SNOWFALL/

WEATHER         OBSERVED          NORMAL  DEPART  LAST YEAR`S
                 VALUE   DATE(S)  VALUE   FROM    VALUE  DATE(S)
                                          NORMAL
................................................................
TEMPERATURE (F)
RECORD
 HIGH              88   03/31/1998
 LOW              -21   03/04/1950
HIGHEST            70   03/09        62       8       55  03/31
                                                          03/24
                                                          03/15
LOWEST             16   03/01         6      10        2  03/07
AVG. MAXIMUM     48.0              42.1     5.9     40.7
AVG. MINIMUM     29.9              24.9     5.0     23.3
MEAN             39.0              33.5     5.5     32.0
DAYS MAX >= 90      0               0.0     0.0        0
DAYS MAX <= 32      0               3.7    -3.7        4
DAYS MIN <= 32     19              23.7    -4.7       27
DAYS MIN <= 0       0               0.3    -0.3        0

PRECIPITATION (INCHES)
RECORD
 MAXIMUM        11.24   2010
 MINIMUM         0.09   1915
TOTALS           3.44              4.24   -0.80     2.69
DAILY AVG.       0.11              0.14   -0.03     0.09
DAYS >= .01        10              11.7    -1.7       11
DAYS >= .10         8               7.5     0.5        5
DAYS >= .50         3               2.9     0.1        3
DAYS >= 1.00        0               0.9    -0.9        0
GREATEST
 24 HR. TOTAL    0.85   03/23
                        03/13

SNOWFALL (INCHES)
RECORDS
 TOTAL           49.0   1993
TOTALS            6.1              12.7    -6.6     11.1
SINCE 7/1        56.6              59.1    -2.5     62.2
SNOWDEPTH AVG.      0
DAYS >= TRACE       6               5.1     0.9
DAYS >= 1.0         1               3.1    -2.1
GREATEST
 SNOW DEPTH         5   03/24
 24 HR TOTAL      6.1   03/23 TO 03/24

DEGREE_DAYS
HEATING TOTAL     800               976    -176     1016
 SINCE 7/1       5380              6018    -638     6008
COOLING TOTAL       0                 0       0        0
 SINCE 1/1          0                 0       0        0
.................................................................

WIND (MPH)
AVERAGE WIND SPEED              9.2
HIGHEST WIND SPEED/DIRECTION    36/290    DATE  03/04
HIGHEST GUST SPEED/DIRECTION    45/360    DATE  03/07

SKY COVER
AVERAGE SKY COVER           0.50

AVERAGE RH (PERCENT)     58


-  INDICATES NEGATIVE NUMBERS.
R  INDICATES RECORD WAS SET OR TIED.
MM INDICATES DATA IS MISSING.
T  INDICATES TRACE AMOUNT.

&&

MARCH CONTINUED THE WINTER TREND OF MOSTLY MILD WEATHER PUNCTUATED
BY BRIEF PERIODS OF COOLER CONDITIONS. MUCH OF THE FIRST HALF OF
MARCH WAS WARMER THAN NORMAL, OFTEN SIGNIFICANTLY SO. THE LAST OF
THE WINTER SNOW COVER HAD MELTED BY THE MORNING OF MARCH 5. THE
WARMEST TEMPERATURE WAS ON THE 9TH WHEN IT REACHED 70 DEGREES. THERE
WERE A FEW COOLER DAYS IN THE MIDDLE OF THE MONTH ALONG WITH SOME
RAIN. A LATE SEASON WINTER STORM DROPPED MORE THAN 6 INCHES OF SNOW
ON MARCH 23 AND 24, BUT THE LATE MARCH SUN AND MILD WEATHER MEANT
THAT THIS SNOW DID NOT STICK AROUND LONG.

THE AVERAGE TEMPERATURE FOR THE MONTH WAS 39.0 DEGREES WHICH WAS 5.5
DEGREES ABOVE NORMAL AND THE 4TH WARMEST MARCH ON RECORD. THE
WARMEST MARCH WAS IN 2012 WHEN THE AVERAGE TEMPERATURE WAS 41.1
DEGREES. THE COOLEST WAS IN 1956 WHEN IT WAS 25.6 DEGREES. THE
FOLLOWING TABLE LISTS THE WARMEST MARCHES ON RECORD.

WARMEST AVERAGE TEMPERATURE IN MARCH (SINCE 1941)...
RANK  TEMP  YEAR
1     41.1  2012
2     39.8  2010
3     39.5  1946
4     39.0  2020  <===
5     38.6  1945
6     37.8  2016
7     37.7  1973
8     37.6  2000
9     37.0  1991
10    36.7  1998

A TOTAL OF 3.44 INCHES PRECIPITATION FELL WHICH WAS 0.80 INCHES
BELOW NORMAL AND THE 4TH CONSECUTIVE DRIER THAN NORMAL MARCH. THE
HEAVIEST PRECIPITATION WAS ON THE 23RD AND 24TH WHEN 1.02 INCHES OF
RAIN AND MELTED SNOW FELL. THE DRIEST MARCH WAS IN 1915 WHEN ONLY
0.09 INCHES FELL. THE WETTEST WAS IN 2010 WITH 11.24 INCHES.

A TOTAL OF 6.1 INCHES OF SNOW FELL WHICH WAS 6.6 INCHES BELOW NORMAL
AND THE LEAST SNOWY MARCH SINCE 2015. ALL OF THIS SNOW FELL ON THE
23RD AND 24TH IN THE ONLY SIGNIFICANT SNOWSTORM OF THE MONTH. THE
SNOWIEST MARCH WAS IN 1993 WHEN 49.0 INCHES FELL. NO SNOW FELL IN
MARCH 1946. AN ADDITIONAL 3 YEARS RECORDED ONLY A TRACE OF SNOW,
MOST RECENTLY IN 1979.

THE FOLLOWING RECORDS WERE SET OR TIED IN MARCH 2020...
DATE  RECORD                                PREVIOUS
3     61   - WARMEST HIGH TEMPERATURE       55 IN 1961
3     47   - WARMEST AVERAGE TEMPERATURE    45 IN 2002
4     36   - WARMEST LOW TEMPERATURE        35 IN 1974
9     70   - WARMEST HIGH TEMPERATURE       66 IN 2016
9     54   - WARMEST AVERAGE TEMPERATURE    53 IN 2016
20    37   - WARMEST LOW TEMPERATURE        37 IN 2012 AND OTHERS (TIED)

$$

KIMBLE



USA.gov is the U.S. government's official web portal to all federal, state and local government web resources and services.
  • National Weather Service
  • WSO Pago Pago Weather Service Office
  • Pago Pago, AS
  • (684) 699-9130
  • Page Author: PPG Webmaster
  • Incorrect Region Format!
  • Web Master's E-mail:
  • Page last modified: Mar 10th, 2020 21:02 UTC