000
CXUS56 KSGX 011734
CLMRAL


CLIMATE REPORT
NATIONAL WEATHER SERVICE SAN DIEGO, CA
1034 AM PDT WED APR 1 2020

...................................

...THE RIVERSIDE MUNI AIRPORT CA CLIMATE SUMMARY FOR THE MONTH OF MARCH 2020...

CLIMATE NORMAL PERIOD 1981 TO 2010
CLIMATE RECORD PERIOD 1893 TO 2020

WEATHER         OBSERVED          NORMAL  DEPART  LAST YEAR`S
                 VALUE   DATE(S)  VALUE   FROM    VALUE  DATE(S)
                                          NORMAL
................................................................
TEMPERATURE (F)
RECORD
 HIGH             102   03/10/1916
 LOW               25   03/13/1954
                        03/02/1903
HIGHEST            83   03/05        71      12       84  03/31
LOWEST             39   03/18        46      -7       39  03/11
AVG. MAXIMUM     67.3              71.0    -3.7     68.9
AVG. MINIMUM     47.4              46.5     0.9     47.3
MEAN             57.3              58.8    -1.5     58.1
DAYS MAX >= 90      0               0.4    -0.4        0
DAYS MAX <= 32      0               0.0     0.0        0
DAYS MIN <= 32      0               0.1    -0.1        0

PRECIPITATION (INCHES)
RECORD
 MAXIMUM         9.41   1938
 MINIMUM         0.00   2008
                        1997
                        1972
TOTALS           3.64              2.01    1.63     1.43
DAILY AVG.       0.12              0.06    0.06     0.05
DAYS >= .01        10                MM      MM        6
DAYS >= .10         7                MM      MM        2
DAYS >= .50         2                MM      MM        2
DAYS >= 1.00        1                MM      MM        0
GREATEST
 24 HR. TOTAL    1.53   03/12 TO 03/12           03/06 TO 03/06
                                                          03/31 TO 03/31EATHER         OBSERVED          NORMAL  DEPART  LAST YEAR`S
                                                          03/31 TO 03/31EATHER         OBSERVED          NORMAL  DEPART  LAST YEAR`S
 STORM TOTAL       MM                                 MM
 (MM/DD(HH))            MM                    03/06(00) TO 03/06(00)
                                                 03/31(00) TO 03/31(00)1EATHER         OBSERVED          NORMAL  DEPART  LAST YEAR`S
                                                 03/31(00) TO 03/31(00)1EATHER         OBSERVED          NORMAL  DEPART  LAST YEAR`S

DEGREE_DAYS
HEATING TOTAL     233               205      28      209
 SINCE 7/1       1158              1313    -155     1288
COOLING TOTAL       3                12      -9        4
 SINCE 1/1         11                21     -10        7

FREEZE DATES
RECORD
 EARLIEST     10/21/1949
 LATEST       04/28/1894
EARLIEST                        12/04
LATEST                          02/24
.................................................................

WIND (MPH)
AVERAGE WIND SPEED              5.1
RESULTANT WIND SPEED/DIRECTION   2/272
HIGHEST WIND SPEED/DIRECTION    26/360    DATE  03/03
HIGHEST GUST SPEED/DIRECTION    39/360    DATE  03/03

SKY COVER
POSSIBLE SUNSHINE (PERCENT)   MM
AVERAGE SKY COVER           0.50
NUMBER OF DAYS FAIR           11
NUMBER OF DAYS PC             11
NUMBER OF DAYS CLOUDY          9

AVERAGE RH (PERCENT)     64

WEATHER CONDITIONS. NUMBER OF DAYS WITH
  0
  6
  0
  0
  0
  0
  1
HAZE                      3

-  INDICATES NEGATIVE NUMBERS.
R  INDICATES RECORD WAS SET OR TIED.
MM INDICATES DATA IS MISSING.
T  INDICATES TRACE AMOUNT.

$$


USA.gov is the U.S. government's official web portal to all federal, state and local government web resources and services.
  • National Weather Service
  • WSO Pago Pago Weather Service Office
  • Pago Pago, AS
  • (684) 699-9130
  • Page Author: PPG Webmaster
  • Incorrect Region Format!
  • Web Master's E-mail:
  • Page last modified: Mar 10th, 2020 21:02 UTC