000
CXUS53 KUNR 011601
CLMRAP


CLIMATE REPORT
NATIONAL WEATHER SERVICE RAPID CITY SD
901 AM MST SUN MAR 1 2020

...................................

...THE RAPID CITY AIRPORT SD CLIMATE SUMMARY FOR THE MONTH OF FEBRUARY 2020...

CLIMATE NORMAL PERIOD 1981 TO 2010
CLIMATE RECORD PERIOD 1942 TO 2020

WEATHER         OBSERVED          NORMAL  DEPART  LAST YEAR`S
                 VALUE   DATE(S)  VALUE   FROM    VALUE  DATE(S)
                                          NORMAL
................................................................
TEMPERATURE (F)
RECORD
 HIGH              75   02/24/1995
                        02/27/1988
 LOW              -31   02/02/1996
HIGHEST            69   02/01                         63  02/02
LOWEST             -2   02/26                        -19  02/07
AVG. MAXIMUM     38.9              39.6    -0.7     18.0
AVG. MINIMUM     14.3              15.1    -0.8     -0.5
MEAN             26.6              27.4    -0.8      8.7
DAYS MAX >= 90      0                                  0
DAYS MAX <= 32     10                                 23
DAYS MIN <= 32     29                                 28
DAYS MIN <= 0       2                                 20

PRECIPITATION (INCHES)
RECORD
 MAXIMUM         2.46   1953
 MINIMUM         0.02   1999
TOTALS           0.97              0.44    0.53     0.99
DAILY AVG.       0.03                MM      MM     0.04
DAYS >= .01        11                                 11
DAYS >= .10         6                                  5
DAYS >= .50         0                                  0
DAYS >= 1.00        0                                  0
GREATEST
 24 HR. TOTAL    0.25   02/24 TO 02/24              0.35

DEGREE_DAYS
HEATING TOTAL    1107              1054      53     1570
 SINCE 7/1       5357              5244     113     5770
COOLING TOTAL       0                 0       0        0
 SINCE 1/1          0                 0       0        0
.................................................................

WIND (MPH)
AVERAGE WIND SPEED              8.7
HIGHEST WIND SPEED/DIRECTION    40/320    DATE  02/12
HIGHEST GUST SPEED/DIRECTION    53/320    DATE  02/12

AVERAGE RH (PERCENT)     67

WEATHER CONDITIONS. NUMBER OF DAYS WITH
THUNDERSTORM              0     MIXED PRECIP               0
HEAVY RAIN                0     RAIN                       0
LIGHT RAIN                1     FREEZING RAIN              0
LT FREEZING RAIN          0     HAIL                       0
HEAVY SNOW                0     SNOW                       4
LIGHT SNOW               13     SLEET                      0
FOG                      14     FOG W/VIS <= 1/4 MILE      0
HAZE                      3

-  INDICATES NEGATIVE NUMBERS.
R  INDICATES RECORD WAS SET OR TIED.
MM INDICATES DATA IS MISSING.
T  INDICATES TRACE AMOUNT.

$$



USA.gov is the U.S. government's official web portal to all federal, state and local government web resources and services.
  • National Weather Service
  • WSO Pago Pago Weather Service Office
  • Pago Pago, AS
  • (684) 699-9130
  • Page Author: PPG Webmaster
  • Incorrect Region Format!
  • Web Master's E-mail:
  • Page last modified: Mar 10th, 2020 21:02 UTC