000
CXUS56 KPDT 010835
CLMRDM

CLIMATE REPORT
NATIONAL WEATHER SERVICE PENDLETON OREGON
132 AM PDT WED APR 01 2020

....................................

...THE REDMOND OR CLIMATE SUMMARY FOR THE MONTH OF MARCH 2020...

CLIMATE NORMAL PERIOD 1981 TO 2010
CLIMATE RECORD PERIOD 1949 TO 2020

WEATHER         OBSERVED          NORMAL  DEPART        LAST YEAR`S
                 VALUE   DATE(S)  VALUE   FROM         VALUE DATE(S)
                                          NORMAL

................................................................

TEMPERATURE (F)
RECORD
 HIGH              80   3/29/1966
 LOW               -1   3/ 5/1955
HIGHEST            71   3/ 5                               69   3/31
LOWEST             13   3/17                                7   3/11
AVG. MAXIMUM     53.2            53.8      -0.6          46.5
AVG. MINUMUM     23.5            25.9      -2.4          22.4
MEAN             38.4            39.8      -1.4          34.4
DAYS MAX >= 90      0               0         0             0
DAYS MAX <= 32      1               2        -1             5
DAYS MIN <= 32     28              25         3            28
DAYS MIN <= 0       0               3        -3            28

PRECIPITATION (INCHES)
RECORD
 MAXIMUM          1.94   1960
 MINIMUM          0.01   1968
TOTALS            0.54            0.66     -0.12          0.59
DAILY AVG.        0.02            0.02      0.00          0.02
DAYS >=  0.01       13               8         5             5
DAYS >=  0.10        2               2         0             3
DAYS >=  0.50        0               0         0             0
DAYS >=  1.00        0               0         0             0
GREATEST
 24 HR. TOTAL     0.12   3/14

DEGREE DAYS
HEATING TOTAL      817             777        40           941
 SINCE 7/1        5038            5481      -443          5374
COOLING TOTAL        0               0         0             0
 SINCE 1/1           0               0         0             0

.............................................................

WIND (MPH)
AVERAGE WIND SPEED                     6.2
RESULTANT WIND SPEED/DIRECTION         3/245
HIGHEST WIND SPEED/DIRECTION          32/230      DATE          03/30
HIGHEST GUST SPEED/DIRECTION          43/250      DATE          03/30


WEATHER CONDITIONS. NUMBER OF DAYS WITH
THUNDERSTORM               0    MIXED PRECIP                           0
HEAVY RAIN                 0    RAIN                                   1
LIGHT RAIN                13    FREEZING RAIN                          0
LT FREEZING RAIN           0    HAIL                                   0
HEAVY SNOW                 1    SNOW                                   1
LIGHT SNOW                 8    SLEET                                  0
FOG                        8    FOG W/VIS <=1/4 MILE                   1
HAZE                       2

-  INDICATES NEGATIVE NUMBERS.
R  INDICATES RECORD WAS SET OR TIED.
MM INDICATES DATA IS MISSING.
T  INDICATES TRACE AMOUNT.

$$



USA.gov is the U.S. government's official web portal to all federal, state and local government web resources and services.
  • National Weather Service
  • WSO Pago Pago Weather Service Office
  • Pago Pago, AS
  • (684) 699-9130
  • Page Author: PPG Webmaster
  • Incorrect Region Format!
  • Web Master's E-mail:
  • Page last modified: Mar 10th, 2020 21:02 UTC