000
CXUS53 KLOT 011441
CLMRFD


CLIMATE REPORT
NATIONAL WEATHER SERVICE CHICAGO IL
822 AM CST SUN MAR 1 2020

...................................

...THE ROCKFORD IL CLIMATE SUMMARY FOR THE MONTH OF FEBRUARY 2020...

CLIMATE NORMAL PERIOD 1981 TO 2010
CLIMATE RECORD PERIOD 1905 TO 2020

WEATHER         OBSERVED          NORMAL  DEPART  LAST YEAR`S
                 VALUE   DATE(S)  VALUE   FROM    VALUE  DATE(S)
                                          NORMAL
................................................................
TEMPERATURE (F)
RECORD
 HIGH              70   02/22/2017
                        02/25/2000
 LOW              -25   02/09/1933
HIGHEST            53   02/23        MM      MM       47  02/04
LOWEST            -10   02/14        MM      MM       -2  02/01
AVG. MAXIMUM     34.9              34.2     0.7     29.8
AVG. MINIMUM     18.2              17.7     0.5     14.3
MEAN             26.5              25.9     0.6     22.1
DAYS MAX >= 90      0               0.0     0.0        0
DAYS MAX <= 32      9              10.7    -1.7       19
DAYS MIN <= 32     28              25.0     3.0       27
DAYS MIN <= 0       2               2.9    -0.9        2

PRECIPITATION (INCHES)
RECORD
 MAXIMUM         4.03   2019
 MINIMUM         0.04   1969
TOTALS           0.54              1.41   -0.87     4.03
DAILY AVG.       0.02                MM      MM     0.14
DAYS >= .01         4               8.2    -4.2       14
DAYS >= .10         2               3.6    -1.6        8
DAYS >= .50         0               0.7    -0.7        3
DAYS >= 1.00        0               0.2    -0.2        1
GREATEST
 24 HR. TOTAL    0.29   02/09 TO 02/09

SNOWFALL (INCHES)
RECORDS
 TOTAL           30.2   1994
TOTALS            5.3               7.7    -2.4      9.6
SINCE 7/1        28.7              31.0    -2.3     51.1
SNOWDEPTH AVG.      1                MM      MM        3
DAYS >= 1.0         2               2.3    -0.3
GREATEST
 SNOW DEPTH         5   02/01
 24 HR TOTAL      2.0   02/12 TO 02/12
                        02/09 TO 02/09

DEGREE_DAYS
HEATING TOTAL    1111              1093      18     1197
 SINCE 7/1       4671              5036    -365     5244
COOLING TOTAL       0                 0       0        0
 SINCE 1/1          0                 0       0        0
.................................................................

WIND (MPH)
AVERAGE WIND SPEED              9.9
HIGHEST WIND SPEED/DIRECTION    28/360    DATE  02/13
HIGHEST GUST SPEED/DIRECTION    38/010    DATE  02/13


WEATHER CONDITIONS. NUMBER OF DAYS WITH
THUNDERSTORM              0     MIXED PRECIP               0
HEAVY RAIN                0     RAIN                       0
LIGHT RAIN                4     FREEZING RAIN              0
LT FREEZING RAIN          0     HAIL                       0
HEAVY SNOW                0     SNOW                       1
LIGHT SNOW               12     SLEET                      1
FOG                       9     FOG W/VIS <= 1/4 MILE      1
HAZE                      4

-  INDICATES NEGATIVE NUMBERS.
R  INDICATES RECORD WAS SET OR TIED.
MM INDICATES DATA IS MISSING.
T  INDICATES TRACE AMOUNT.

$$




USA.gov is the U.S. government's official web portal to all federal, state and local government web resources and services.
  • National Weather Service
  • WSO Pago Pago Weather Service Office
  • Pago Pago, AS
  • (684) 699-9130
  • Page Author: PPG Webmaster
  • Incorrect Region Format!
  • Web Master's E-mail:
  • Page last modified: Mar 10th, 2020 21:02 UTC