000
CXUS53 KGRB 011526
CLMRHI


CLIMATE REPORT
NATIONAL WEATHER SERVICE GREEN BAY
1014 AM CDT WED APR 1 2020

...................................

...THE RHINELANDER WI CLIMATE SUMMARY FOR THE MONTH OF MARCH 2020...

CLIMATE NORMAL PERIOD 1981 TO 2010
CLIMATE RECORD PERIOD 1908 TO 2020

WEATHER         OBSERVED          NORMAL  DEPART  LAST YEAR`S
                 VALUE   DATE(S)  VALUE   FROM    VALUE  DATE(S)
                                          NORMAL
................................................................
TEMPERATURE (F)
RECORD
 HIGH              79   03/29/1910
 LOW              -34   03/11/1948
HIGHEST            50   03/27        60     -10       53  03/27
                        03/08
LOWEST              1   03/21       -11      12      -25  03/04
AVG. MAXIMUM     38.6              37.2     1.4     35.6
AVG. MINIMUM     22.8              17.1     5.7     11.6
MEAN             30.7              27.1     3.6     23.6
DAYS MAX >= 90      0               0.0     0.0        0
DAYS MAX <= 32      4              10.4    -6.4        8
DAYS MIN <= 32     27              27.6    -0.6       27
DAYS MIN <= 0       0               3.3    -3.3        7

PRECIPITATION (INCHES)
RECORD
 MAXIMUM         5.75   1942
 MINIMUM         0.15   1978
TOTALS           2.89              1.57    1.32     1.04
DAILY AVG.       0.09              0.05    0.04     0.03
DAYS >= .01         9                MM      MM       10
DAYS >= .10         6                MM      MM        5
DAYS >= .50         3                MM      MM        0
DAYS >= 1.00        0                MM      MM        0
GREATEST
 STORM TOTAL       MM
 (MM/DD(HH))            MM

SNOWFALL (INCHES)
RECORDS
 TOTAL           27.6   2011
TOTALS            4.3                MM      MM      7.3
SINCE 7/1        75.3                MM      MM    104.4
DAYS >= TRACE      14                MM      MM       12
DAYS >= 1.0         1                MM      MM        2
GREATEST
 SNOW DEPTH        15   03/06                         37  03/02
                        03/05
 24 HR TOTAL      2.6   03/05 TO 03/05

DEGREE_DAYS
HEATING TOTAL    1059              1173    -114     1276
 SINCE 7/1       7547              7795    -248     7793
COOLING TOTAL       0                 0       0        0
 SINCE 1/1          0                 0       0        0
.................................................................

WIND (MPH)
AVERAGE WIND SPEED              7.6
HIGHEST WIND SPEED/DIRECTION    30/090    DATE  03/28
HIGHEST GUST SPEED/DIRECTION    48/100    DATE  03/28

SKY COVER
POSSIBLE SUNSHINE (PERCENT)   MM
AVERAGE SKY COVER           0.60
NUMBER OF DAYS FAIR            8
NUMBER OF DAYS PC             13
NUMBER OF DAYS CLOUDY         10

AVERAGE RH (PERCENT)     70

WEATHER CONDITIONS. NUMBER OF DAYS WITH
THUNDERSTORM              1     MIXED PRECIP               0
HEAVY RAIN                2     RAIN                       3
LT RAIN                   6     FREEZING RAIN              0
LT FREEZING RAIN          0     HAIL                       0
HEAVY SNOW                1     SNOW                       1
LIGHT SNOW               12     SLEET                      0
FOG                      17     FOG W/VIS <= 1/4 MILE      2
HAZE                      6
-  INDICATES NEGATIVE NUMBERS.
R  INDICATES RECORD WAS SET OR TIED.
MM INDICATES DATA IS MISSING.
T  INDICATES TRACE AMOUNT.

$$



USA.gov is the U.S. government's official web portal to all federal, state and local government web resources and services.
  • National Weather Service
  • WSO Pago Pago Weather Service Office
  • Pago Pago, AS
  • (684) 699-9130
  • Page Author: PPG Webmaster
  • Incorrect Region Format!
  • Web Master's E-mail:
  • Page last modified: Mar 10th, 2020 21:02 UTC