000
CXUS56 KSGX 012035
CLMRNM


CLIMATE REPORT
NATIONAL WEATHER SERVICE SAN DIEGO, CA
1234 PM PST SUN MAR 1 2020

...................................

...THE RAMONA AIRPORT CA CLIMATE SUMMARY FOR THE MONTH OF FEBRUARY 2020...

CLIMATE NORMAL PERIOD 1981 TO 2010
CLIMATE RECORD PERIOD 1974 TO 2020

WEATHER         OBSERVED          NORMAL  DEPART  LAST YEAR`S
                 VALUE   DATE(S)  VALUE   FROM    VALUE  DATE(S)
                                          NORMAL
................................................................
TEMPERATURE (F)
RECORD
 HIGH              89   02/13/1981
 LOW               19   02/05/2020
HIGHEST            82   02/28        68      14       68  02/28
                                                          02/12
LOWEST             19R  02/05        39     -20       27  02/23
                                                          02/20
                                                          02/19
AVG. MAXIMUM     68.4              64.8     3.6     58.1
AVG. MINIMUM     34.9              37.1    -2.2     36.1
MEAN             51.6              51.0     0.6     47.1
DAYS MAX >= 90      0               0.0     0.0        0
DAYS MAX <= 32      0               0.0     0.0        0
DAYS MIN <= 32     13               6.3     6.7       12
DAYS MIN <= 0       0               0.0     0.0        0

PRECIPITATION (INCHES)
RECORD
 MAXIMUM        12.88   1980
 MINIMUM         0.11   2016
TOTALS           0.77              3.11   -2.34     8.77
DAILY AVG.       0.03                MM      MM     0.31
DAYS >= .01         5                MM      MM       14
DAYS >= .10         2                MM      MM       10
DAYS >= .50         0                MM      MM        6
DAYS >= 1.00        0                MM      MM        2
GREATEST
 24 HR. TOTAL    0.43   02/22 TO 02/22           02/14 TO 02/14
                                                          02/28 TO 02/28EATHER         OBSERVED          NORMAL  DEPART  LAST YEAR`S
                                                          02/28 TO 02/28EATHER         OBSERVED          NORMAL  DEPART  LAST YEAR`S
 STORM TOTAL       MM                                 MM
 (MM/DD(HH))            MM                    02/14(00) TO 02/14(00)
                                                 02/28(00) TO 02/28(00)8EATHER         OBSERVED          NORMAL  DEPART  LAST YEAR`S
                                                 02/28(00) TO 02/28(00)8EATHER         OBSERVED          NORMAL  DEPART  LAST YEAR`S

DEGREE_DAYS
HEATING TOTAL     381               394     -13      492
 SINCE 7/1       1545              1754    -209     1565
COOLING TOTAL       0                 0       0        0
 SINCE 1/1          0                 1      -1        0

FREEZE DATES
RECORD
 EARLIEST     10/10/1974
 LATEST       05/07/1975
EARLIEST                        11/24
LATEST                          03/25
.................................................................

WIND (MPH)
AVERAGE WIND SPEED              5.0
RESULTANT WIND SPEED/DIRECTION   1/046
HIGHEST WIND SPEED/DIRECTION    32/070    DATE  02/26
HIGHEST GUST SPEED/DIRECTION    42/070    DATE  02/26

SKY COVER
POSSIBLE SUNSHINE (PERCENT)   MM
AVERAGE SKY COVER           0.20
NUMBER OF DAYS FAIR           20
NUMBER OF DAYS PC              6
NUMBER OF DAYS CLOUDY          3

AVERAGE RH (PERCENT)     61

WEATHER CONDITIONS. NUMBER OF DAYS WITH
  0
  2
  0
  0
  0
  0
  8
HAZE                      1

-  INDICATES NEGATIVE NUMBERS.
R  INDICATES RECORD WAS SET OR TIED.
MM INDICATES DATA IS MISSING.
T  INDICATES TRACE AMOUNT.

$$



USA.gov is the U.S. government's official web portal to all federal, state and local government web resources and services.
  • National Weather Service
  • WSO Pago Pago Weather Service Office
  • Pago Pago, AS
  • (684) 699-9130
  • Page Author: PPG Webmaster
  • Incorrect Region Format!
  • Web Master's E-mail:
  • Page last modified: Mar 10th, 2020 21:02 UTC