000
CXUS51 KRNK 010901
CLMROA

CLIMATE REPORT
NATIONAL WEATHER SERVICE BLACKSBURG, VA
501 AM EDT WED APR 01 2020

...................................

...THE ROANOKE VA CLIMATE SUMMARY FOR THE MONTH OF MARCH 2020...

CLIMATE NORMAL PERIOD: 1981 TO 2010
CLIMATE RECORD PERIOD: 1912 TO 2020

WEATHER         OBSERVED          NORMAL  DEPART   LAST YEAR`S
                VALUE   DATE(S)   VALUE   FROM     VALUE
                                          NORMAL
..............................................................
TEMPERATURE (F)
RECORD
 HIGH             90   03/19/1945
 LOW               9   03/10/1996
                       03/15/1993
HIGHEST           86   03/27                          77
LOWEST            25   03/08                          20
AVG. MAXIMUM    64.4               58.0     6.4     56.9
AVG. MINIMUM    44.4               36.7     7.7     35.2
MEAN            54.4               47.3     7.1     46.1
DAYS MAX >= 90     0                0.0     0.0        0
DAYS MAX <= 32     0                0.3    -0.3        0
DAYS MIN <= 32     4                9.7    -5.7       12
DAYS MIN <= 0      0                0.0     0.0        0

PRECIPITATION (INCHES)
RECORD
 MAXIMUM        7.91   1993
 MINIMUM        0.35   2006
TOTALS          3.24               3.46   -0.22     1.82
DAYS >= .01       16               10.4     5.6        8
DAYS >= .10        9                6.6     2.4        5
DAYS >= .50        2                2.2    -0.2        2
DAYS >= 1.00       0                0.7    -0.7        0
GREATEST
 24 HR. TOTAL   0.98                                0.68

SNOWFALL (INCHES)
TOTALS             T                                 0.1
DAYS >= TRACE      1                                   3
DAYS >= 1.0        0                                   0
GREATEST
 24 HR TOTAL      MM                                 0.1

DEGREE DAYS
HEATING TOTAL    336                552    -216      580
COOLING TOTAL     16                  5      11        0
..............................................................

WIND (MPH)
AVERAGE WIND SPEED              7.2
RESULTANT WIND SPEED/DIRECTION   2/260
HIGHEST WIND SPEED/DIRECTION    38/320    DATE  03/06
HIGHEST GUST SPEED/DIRECTION    50/240    DATE  03/29

SKY COVER
AVERAGE SKY COVER           0.62

AVERAGE RH (PERCENT)     60

WEATHER CONDITIONS. NUMBER OF DAYS WITH
THUNDERSTORM              0     MIXED PRECIP               0
HEAVY RAIN                2     RAIN                       5
LIGHT RAIN               21     FREEZING RAIN              0
LT FREEZING RAIN          0     HAIL                       0
HEAVY SNOW                0     SNOW                       0
LIGHT SNOW                1     SLEET                      0
FOG                      13     FOG W/VIS <= 1/4 MILE      0
HAZE                      1

-  INDICATES NEGATIVE NUMBERS.
R  INDICATES RECORD WAS SET OR TIED.
MM INDICATES DATA IS MISSING.
T  INDICATES TRACE AMOUNT.

$$


USA.gov is the U.S. government's official web portal to all federal, state and local government web resources and services.
  • National Weather Service
  • WSO Pago Pago Weather Service Office
  • Pago Pago, AS
  • (684) 699-9130
  • Page Author: PPG Webmaster
  • Incorrect Region Format!
  • Web Master's E-mail:
  • Page last modified: Mar 10th, 2020 21:02 UTC