000
CXUS54 KEWX 022113
CLMSAT

CLIMATE REPORT
NATIONAL WEATHER SERVICE AUSTIN/SAN ANTONIO, TX
313 PM CST MON MAR 2 2020

...................................

...THE SAN ANTONIO CLIMATE SUMMARY FOR THE MONTH OF FEBRUARY 2020...

CLIMATE NORMAL PERIOD 1981 TO 2010
CLIMATE RECORD PERIOD 1886 TO 2020

WEATHER         OBSERVED          NORMAL  DEPART  LAST YEAR`S
                 VALUE   DATE(S)  VALUE   FROM    VALUE  DATE(S)
                                          NORMAL
................................................................
TEMPERATURE (F)
HIGHEST            81   02/17                         86  02/15
LOWEST             29   02/27                         32  02/13
AVG. MAXIMUM     66.8              66.9    -0.1     66.0
AVG. MINIMUM     43.6              44.2    -0.6     49.1
MEAN             55.2              55.6    -0.4     57.5
DAYS MAX >= 90      0                                  0
DAYS MAX <= 32      0                                  0
DAYS MIN <= 32      2                                  1
DAYS MIN <= 0       0                                  0

PRECIPITATION (INCHES)
TOTALS           1.07              1.79   -0.72     0.47
DAILY AVG.       0.04                MM      MM     0.02
DAYS >= .01         7                                 10
DAYS >= .10         2                                  2
DAYS >= .50         1                                  0
DAYS >= 1.00        0                                  0
GREATEST
 24 HR. TOTAL    0.63   02/11 TO 02/12

SNOWFALL (INCHES)
TOTALS              T                 T     0.0        T
SINCE 7/1           T               0.7    -0.7        T

DEGREE_DAYS
HEATING TOTAL     288               283       5      229
 SINCE 7/1       1122              1309    -187     1299
COOLING TOTAL      10                19      -9       26
 SINCE 1/1         38                27      11       27
.................................................................

WIND (MPH)
AVERAGE WIND SPEED              8.8
HIGHEST WIND SPEED/DIRECTION    32/340    DATE  02/26
HIGHEST GUST SPEED/DIRECTION    43/320    DATE  02/26

SKY COVER
POSSIBLE SUNSHINE (PERCENT)   MM
AVERAGE SKY COVER           0.60
NUMBER OF DAYS FAIR            8
NUMBER OF DAYS PC              7
NUMBER OF DAYS CLOUDY         14

AVERAGE RH (PERCENT)     63

WEATHER CONDITIONS. NUMBER OF DAYS WITH
THUNDERSTORM              1    MIXED PRECIP             0
HEAVY RAIN                2    RAIN                     1
LIGHT RAIN               12    FREEZING RAIN            0
LT FREEZING RAIN          1    HAIL                     0
HEAVY SNOW                0    SNOW                     0
LIGHT SNOW                1    SLEET                    1
FOG                      10    FOG W/VIS <= 1/4 MILE    2
HAZE                      1

-  INDICATES NEGATIVE NUMBERS.
R  INDICATES RECORD WAS SET OR TIED.
MM INDICATES DATA IS MISSING.
T  INDICATES TRACE AMOUNT.

&&

MONTHLY CLIMATE SUMMARY:
FEBRUARY 2020 WAS THE 59TH COLDEST AND TIED FOR THE 57TH
DRIEST FEBRUARY SINCE RECORD KEEPING BEGAN.

SEA LEVEL PRESSURE DATA:
HIGHEST SLP 30.69 ON THE 21ST
LOWEST SLP 29.63 ON THE 4TH

NOTES:
A TRACE OF SNOW FELL ON 2/5/2020

PRELIMINARY LOCAL CLIMATOLOGICAL DATA (WS FORM: F-6)

                                          STATION:   SAN ANTONIO
                                          MONTH:     FEBRUARY
                                          YEAR:      2020
                                          LATITUDE:   29 31 N
                                          LONGITUDE:  98 28 W

  TEMPERATURE IN F:       :PCPN:    SNOW:  WIND      :SUNSHINE: SKY     :PK WND
================================================================================
1   2   3   4   5  6A  6B    7    8   9   10  11  12  13   14  15   16   17  18
                                     12Z  AVG MX 2MIN
DY MAX MIN AVG DEP HDD CDD  WTR  SNW DPTH SPD SPD DIR MIN PSBL S-S WX    SPD DR
================================================================================

 1  72  39  56   3   9   0 0.00  0.0    0  4.9 15 240   M    M   4        21 280
 2  76  39  58   5   7   0 0.00  0.0    0  7.3 16 160   M    M   7        22 170
 3  73  53  63  10   2   0    T  0.0    0  9.2 24 140   M    M   8        31 150
 4  78  50  64  10   1   0 0.00  0.0    0  7.4 21  10   M    M   9        27  10
 5  50  35  43 -11  22   0 0.01    T    0 15.1 24 330   M    M  10 4      36 320
 6  59  31  45  -9  20   0 0.00  0.0    0  9.2 24 290   M    M   2        39 290
 7  74  34  54   0  11   0 0.00  0.0    0  6.2 17 220   M    M   2        24 220
 8  70  50  60   6   5   0    T  0.0    0  8.2 25 140   M    M   7 1      33 130
 9  78  63  71  17   0   6 0.01  0.0    0 11.8 23 170   M    M  10 12     32 170
10  73  51  62   7   3   0 0.33  0.0    0  8.9 20 340   M    M  10 1      27 330
11  51  45  48  -7  17   0 0.01  0.0    0 12.7 22  10   M    M  10 18     30  20
12  68  44  56   1   9   0 0.62  0.0    0  6.1 18 320   M    M   8 13     24 300
13  61  40  51  -4  14   0 0.00  0.0    0  9.6 18 330   M    M   1        28 340
14  59  34  47  -8  18   0 0.00  0.0    0  6.7 13  70   M    M   1        18 100
15  64  38  51  -5  14   0 0.00  0.0    0  4.4 13 210   M    M   6        18 180
16  72  47  60   4   5   0    T  0.0    0  4.4 10 220   M    M   8 1      15 200
17  81  57  69  13   0   4    T  0.0    0  8.0 15 150   M    M   8 12     20 130
18  75  52  64   8   1   0    T  0.0    0 10.3 26 360   M    M  10 1      39  10
19  53  48  51  -5  14   0 0.04  0.0    0 10.6 20  10   M    M  10 1      29 360
20  50  45  48  -9  17   0 0.05  0.0    0 13.0 26  10   M    M   9 1      40 360
21  57  37  47 -10  18   0 0.00  0.0    0  7.9 17  10   M    M   2        24 360
22  64  40  52  -5  13   0 0.00  0.0    0  7.4 21 160   M    M   6        28 170
23  71  54  63   6   2   0 0.00  0.0    0  9.3 21 190   M    M  10        28 190
24  73  51  62   4   3   0    T  0.0    0  6.2 17 310   M    M   9        23 300
25  68  43  56  -2   9   0 0.00  0.0    0 11.2 24 350   M    M   2        34 340
26  56  34  45 -13  20   0 0.00  0.0    0 15.4 32 340   M    M   3        43 320
27  62  29  46 -12  19   0 0.00  0.0    0  5.0 13 270   M    M   0        19 280
28  73  37  55  -3  10   0 0.00  0.0    0  7.0 14 230   M    M   4        25 240
29  76  43  60   2   5   0 0.00  0.0    0 11.0 23 140   M    M   6        31 140
================================================================================
SM 1937 1263       288  10  1.07    T    254.4          M      182
================================================================================
AV 66.8 43.6                               8.8 FASTST   M    M   6    MAX(MPH)
                                 MISC ---->  # 32 340               # 43  320
================================================================================
NOTES:
# LAST OF SEVERAL OCCURRENCES
COLUMN 17 PEAK WIND IN M.P.H.

SYMBOLS USED IN COLUMN 16
1 = FOG OR MIST
2 = FOG REDUCING VISIBILITY TO 1/4 MILE OR LESS
3 = THUNDER
4 = ICE PELLETS
5 = HAIL
6 = FREEZING RAIN OR DRIZZLE
7 = DUSTSTORM OR SANDSTORM
8 = SMOKE OR HAZE
9 = BLOWING SNOW
X = TORNADO

$$


USA.gov is the U.S. government's official web portal to all federal, state and local government web resources and services.
  • National Weather Service
  • WSO Pago Pago Weather Service Office
  • Pago Pago, AS
  • (684) 699-9130
  • Page Author: PPG Webmaster
  • Incorrect Region Format!
  • Web Master's E-mail:
  • Page last modified: Mar 10th, 2020 21:02 UTC