000
CXUS51 KAKQ 031115
CLMSBY


CLIMATE REPORT
NATIONAL WEATHER SERVICE WAKEFIELD, VA
600 AM EST TUE MAR 3 2020

...................................

...THE SALISBURY MD CLIMATE SUMMARY FOR THE MONTH OF FEBRUARY 2020...

CLIMATE NORMAL PERIOD 1981 TO 2010
CLIMATE RECORD PERIOD 1900 TO 2020

WEATHER         OBSERVED          NORMAL  DEPART  LAST YEAR`S
                 VALUE   DATE(S)  VALUE   FROM    VALUE  DATE(S)
                                          NORMAL
................................................................
TEMPERATURE (F)
RECORD
 HIGH              80   02/25/1930
 LOW               -6   02/09/1934
HIGHEST            67   02/04        69      -2       69  02/05
LOWEST             18   02/22        14       4        8  02/02
AVG. MAXIMUM     53.6              47.0     6.6     50.9
AVG. MINIMUM     33.8              28.4     5.4     30.5
MEAN             43.7              37.7     6.0     40.7
DAYS MAX >= 90      0               0.0     0.0        0
DAYS MAX <= 32      0               1.6    -1.6        1
DAYS MIN <= 32     14              19.1    -5.1       17
DAYS MIN <= 0       0               0.0     0.0        0

PRECIPITATION (INCHES)
RECORD
 MAXIMUM         7.79   1920
 MINIMUM         0.24   2009
TOTALS           4.63              3.35    1.28     3.77
DAILY AVG.       0.16                MM      MM     0.13
DAYS >= .01        13               9.6     3.4       13
DAYS >= .10         9               6.5     2.5        7
DAYS >= .50         3               2.4     0.6        3
DAYS >= 1.00        1               0.7     0.3        1
GREATEST
 24 HR. TOTAL    1.30   02/06 TO 02/06

SNOWFALL (INCHES)
RECORDS
 TOTAL           27.1   5
                        0
                        -26215
TOTALS              T
SINCE 7/1         0.5               8.3    -7.8      5.3
SNOWDEPTH AVG.      0                MM      MM        0
DAYS >= 1.0         0               1.0    -1.0        0
GREATEST
 SNOW DEPTH         0   MM                             0  MM
 24 HR TOTAL        T   02/29 TO 02/29           02/01 TO 02/01
                                                          02/01 TO 02/01EATHER         OBSERVED          NORMAL  DEPART  LAST YEAR`S
                                                          02/01 TO 02/01EATHER         OBSERVED          NORMAL  DEPART  LAST YEAR`S

DEGREE_DAYS
HEATING TOTAL     612               764    -152      674
 SINCE 7/1       2751              3330    -579     3056
COOLING TOTAL       0                 0       0        0
 SINCE 1/1          0                 0       0        0
.................................................................

WIND (MPH)
AVERAGE WIND SPEED              7.2
HIGHEST WIND SPEED/DIRECTION    36/250    DATE  02/07
HIGHEST GUST SPEED/DIRECTION    54/210    DATE  02/07

SKY COVER
POSSIBLE SUNSHINE (PERCENT)   MM
AVERAGE SKY COVER           0.40

AVERAGE RH (PERCENT)     66

WEATHER CONDITIONS. NUMBER OF DAYS WITH
THUNDERSTORM              0     MIXED PRECIP               0
HEAVY RAIN                3     RAIN                       7
LIGHT RAIN                14    FREEZING RAIN              0
LT FREEZING RAIN          0     HAIL                       1
HEAVY SNOW                0     SNOW                       0
LIGHT SNOW                2     SLEET                      0
FOG                       16    FOG W/VIS <= 1/4 MILE      1
HAZE                      5

-  INDICATES NEGATIVE NUMBERS.
R  INDICATES RECORD WAS SET OR TIED.
MM INDICATES DATA IS MISSING.
T  INDICATES TRACE AMOUNT.

$$



USA.gov is the U.S. government's official web portal to all federal, state and local government web resources and services.
  • National Weather Service
  • WSO Pago Pago Weather Service Office
  • Pago Pago, AS
  • (684) 699-9130
  • Page Author: PPG Webmaster
  • Incorrect Region Format!
  • Web Master's E-mail:
  • Page last modified: Mar 10th, 2020 21:02 UTC