000
CXUS53 KLMK 020135
CLMSDF


CLIMATE REPORT
NATIONAL WEATHER SERVICE LOUISVILLE KY
928 PM EDT WED APR 1 2020

...................................

...THE LOUISVILLE KY CLIMATE SUMMARY FOR THE MONTH OF MARCH 2020...

CLIMATE NORMAL PERIOD 1981 TO 2010
CLIMATE RECORD PERIOD 1871 TO 2020

WEATHER         OBSERVED          NORMAL  DEPART  LAST YEAR`S
                 VALUE   DATE(S)  VALUE   FROM    VALUE  DATE(S)
                                          NORMAL
................................................................
TEMPERATURE (F)
RECORD
 HIGH              88   03/25/1929
                        03/24/1929
                        03/24/1910
 LOW                    03/06/1960
HIGHEST            84   03/28        MM      MM       78  03/14
LOWEST             27   03/01        MM      MM       12  03/05
AVG. MAXIMUM     62.9              57.9     5.0     54.9
AVG. MINIMUM     43.8              37.8     6.0     35.4
MEAN             53.3              47.8     5.5     45.2
DAYS MAX >= 90      0               0.0     0.0        0
DAYS MAX <= 32      0               0.3    -0.3        2
DAYS MIN <= 32      3               9.5    -6.5       11
DAYS MIN <= 0       0               0.0     0.0        0

PRECIPITATION (INCHES)
RECORD
 MAXIMUM        17.52   1997
 MINIMUM         0.12   1910
TOTALS           4.69              4.17    0.52     3.74
DAILY AVG.       0.15              0.13    0.02     0.12
DAYS >= .01        16              11.9     4.1       10
DAYS >= .10         9               7.9     1.1        6
DAYS >= .50         4               2.8     1.2        3
DAYS >= 1.00        0               0.8    -0.8        2
GREATEST
 24 HR. TOTAL    1.13   03/18 TO 03/19           03/30 TO 03/30
                                                          03/03 TO 03/03EATHER         OBSERVED          NORMAL  DEPART  LAST YEAR`S
                                                          03/03 TO 03/03EATHER         OBSERVED          NORMAL  DEPART  LAST YEAR`S
 STORM TOTAL       MM                                 MM
 (MM/DD(HH))            MM                    03/30(00) TO 03/30(00)
                                                 03/03(00) TO 03/03(00)3EATHER         OBSERVED          NORMAL  DEPART  LAST YEAR`S
                                                 03/03(00) TO 03/03(00)3EATHER         OBSERVED          NORMAL  DEPART  LAST YEAR`S

SNOWFALL (INCHES)
RECORDS
 TOTAL           22.9   5
                        0
TOTALS              T               1.4    -1.4      2.6
SINCE 7/1         3.4              12.4    -9.0     11.2
SNOWDEPTH AVG.      0                MM      MM        0
DAYS >= 1.0         0               0.4    -0.4        2
GREATEST
 SNOW DEPTH         0   MM                             1  03/04
 24 HR TOTAL        T   03/06 TO 03/06

DEGREE_DAYS
HEATING TOTAL     372               538    -166      611
 SINCE 7/1       3255              3779    -524     3708
COOLING TOTAL      17                 6      11        3
 SINCE 1/1         17                 6      11        3

FREEZE DATES
RECORD
 EARLIEST     10/03/1974
 LATEST       05/10/1966
EARLIEST                        10/25
LATEST                          04/15
.................................................................

WIND (MPH)
AVERAGE WIND SPEED              9.4
RESULTANT WIND SPEED/DIRECTION   2/253
HIGHEST WIND SPEED/DIRECTION    37/270    DATE  03/28
HIGHEST GUST SPEED/DIRECTION    49/270    DATE  03/28

SKY COVER
POSSIBLE SUNSHINE (PERCENT)   MM
AVERAGE SKY COVER           0.80
NUMBER OF DAYS FAIR            2
NUMBER OF DAYS PC             10
NUMBER OF DAYS CLOUDY         19

AVERAGE RH (PERCENT)     61

WEATHER CONDITIONS. NUMBER OF DAYS WITH
  0
 11
  0
  0
  0
  0
  0
HAZE                      2

-  INDICATES NEGATIVE NUMBERS.
R  INDICATES RECORD WAS SET OR TIED.
MM INDICATES DATA IS MISSING.
T  INDICATES TRACE AMOUNT.

$$




USA.gov is the U.S. government's official web portal to all federal, state and local government web resources and services.
  • National Weather Service
  • WSO Pago Pago Weather Service Office
  • Pago Pago, AS
  • (684) 699-9130
  • Page Author: PPG Webmaster
  • Incorrect Region Format!
  • Web Master's E-mail:
  • Page last modified: Mar 10th, 2020 21:02 UTC