000
CXUS53 KSGF 010651
CLMSGF


CLIMATE REPORT
NATIONAL WEATHER SERVICE SPRINGFIELD MO
151 AM CDT WED APR 1 2020

...................................

...THE SPRINGFIELD MO CLIMATE SUMMARY FOR THE MONTH OF MARCH 2020...

CLIMATE NORMAL PERIOD 1981 TO 2010
CLIMATE RECORD PERIOD 1888 TO 2020

WEATHER         OBSERVED          NORMAL  DEPART
                 VALUE   DATE(S)  VALUE   FROM
                                          NORMAL
................................................
TEMPERATURE (F)
RECORD
 HIGH              92   03/20/1907
 LOW               -8   03/07/1943
HIGHEST            82   03/26        57      25
LOWEST             26   03/21        34      -8
AVG. MAXIMUM     60.5              57.5     3.0
AVG. MINIMUM     41.5              35.2     6.3
MEAN             51.0              46.3     4.7
DAYS MAX >= 90      0               0.0     0.0
DAYS MAX <= 32      0               0.5    -0.5
DAYS MIN <= 32      5              12.2    -7.2
DAYS MIN <= 0       0               0.0     0.0

PRECIPITATION (INCHES)
RECORD
 MAXIMUM         9.40   2008
 MINIMUM         0.50   1956
TOTALS           7.85              3.62    4.23
DAILY AVG.       0.25              0.12    0.13
DAYS >= .01        15              10.5     4.5
DAYS >= .10        13               6.5     6.5
DAYS >= .50         6               2.3     3.7
DAYS >= 1.00        1               1.0     0.0
GREATEST
 24 HR. TOTAL    1.95   03/19 TO 03/19

SNOWFALL (INCHES)
TOTALS              T
SINCE 7/1         7.3
DAYS >= TRACE       1

DEGREE_DAYS
HEATING TOTAL     436               581    -145
 SINCE 7/1       3815              4174    -359
COOLING TOTAL       8                 3       5
 SINCE 1/1          8                 3       5
.................................................

WIND (MPH)
AVERAGE WIND SPEED              10.3
HIGHEST WIND SPEED/DIRECTION    31/180    DATE  03/09
HIGHEST GUST SPEED/DIRECTION    43/270    DATE  03/29

SKY COVER
POSSIBLE SUNSHINE (PERCENT)   MM
AVERAGE SKY COVER           0.50
NUMBER OF DAYS FAIR           12
NUMBER OF DAYS PC             11
NUMBER OF DAYS CLOUDY          8

AVERAGE RH (PERCENT)     70

WEATHER CONDITIONS. NUMBER OF DAYS WITH
  0
 10
  0
  1
  0
  1
  2
HAZE                      3

-  INDICATES NEGATIVE NUMBERS.
R  INDICATES RECORD WAS SET OR TIED.
MM INDICATES DATA IS MISSING.
T  INDICATES TRACE AMOUNT.

$$


USA.gov is the U.S. government's official web portal to all federal, state and local government web resources and services.
  • National Weather Service
  • WSO Pago Pago Weather Service Office
  • Pago Pago, AS
  • (684) 699-9130
  • Page Author: PPG Webmaster
  • Incorrect Region Format!
  • Web Master's E-mail:
  • Page last modified: Mar 10th, 2020 21:02 UTC