000
CXUS53 KSGF 010648
CLMSGF

CLIMATE REPORT
NATIONAL WEATHER SERVICE
148 AM CDT THU OCT 01 2020

...................................

...THE SPRINGFIELD MO CLIMATE SUMMARY FOR THE MONTH OF SEPTEMBER 2020...

CLIMATE NORMAL PERIOD: 1981 TO 2010
CLIMATE RECORD PERIOD: 1888 TO 2020

WEATHER         OBSERVED          NORMAL  DEPART   LAST YEAR`S
                VALUE   DATE(S)   VALUE   FROM     VALUE
                                          NORMAL
..............................................................
TEMPERATURE (F)
RECORD
 HIGH            104   09/07/1947
                       09/04/1947
 LOW              30   09/27/1942
HIGHEST           92   09/07         80      12       95
LOWEST            44   09/29         58     -14       58
AVG. MAXIMUM    81.1               80.3     0.8     88.6
AVG. MINIMUM    58.3               57.7     0.6
MEAN            69.7               69.0     0.7
DAYS MAX >= 90     4                3.0     1.0
DAYS MAX <= 32     0                0.0     0.0
DAYS MIN <= 32     0                0.0     0.0
DAYS MIN <= 0      0                0.0     0.0

PRECIPITATION (INCHES)
RECORD
 MAXIMUM       17.46   1993
 MINIMUM        0.05   1928
TOTALS          1.53               4.61   -3.08     1.61
DAILY AVG.      0.05               0.15   -0.10
DAYS >= .01        4                7.6    -3.6
DAYS >= .10        4                5.3    -1.3
DAYS >= .50        1                2.6    -1.6
DAYS >= 1.00       0                1.6    -1.6
GREATEST
 24 HR. TOTAL   0.71   09/04 TO 09/04               1.02


DEGREE DAYS
HEATING TOTAL     21                 53     -32        0
 SINCE 7/1        21                 54     -33        0
COOLING TOTAL    169                173      -4      407
 SINCE 1/1      1416               1359      57     1650

FREEZE DATES
RECORD
 EARLIEST     05/19/1894
 LATEST       09/24/1989
EARLIEST                        MM
LATEST                          04/18
..............................................................

WIND (MPH)
AVERAGE WIND SPEED              7.7
RESULTANT WIND SPEED/DIRECTION   2/160
HIGHEST WIND SPEED/DIRECTION    25/360    DATE  09/27
HIGHEST GUST SPEED/DIRECTION    39/350    DATE  09/27

SKY COVER
POSSIBLE SUNSHINE (PERCENT)   MM
AVERAGE SKY COVER           0.25
NUMBER OF DAYS FAIR           20
NUMBER OF DAYS PC              9
NUMBER OF DAYS CLOUDY          1

AVERAGE RH (PERCENT)     71

WEATHER CONDITIONS. NUMBER OF DAYS WITH
THUNDERSTORM              2     MIXED PRECIP               0
HEAVY RAIN                3     RAIN                       2
LIGHT RAIN                7     FREEZING RAIN              0
LT FREEZING RAIN          0     HAIL                       0
HEAVY SNOW                0     SNOW                       0
LIGHT SNOW                0     SLEET                      0
FOG                      16     FOG W/VIS <= 1/4 MILE      5
HAZE                      3

-  INDICATES NEGATIVE NUMBERS.
R  INDICATES RECORD WAS SET OR TIED.
MM INDICATES DATA IS MISSING.
T  INDICATES TRACE AMOUNT.

$$


USA.gov is the U.S. government's official web portal to all federal, state and local government web resources and services.
  • National Weather Service
  • WSO Pago Pago Weather Service Office
  • Pago Pago, AS
  • (684) 699-9130
  • Page Author: PPG Webmaster
  • Incorrect Region Format!
  • Web Master's E-mail:
  • Page last modified: Mar 10th, 2020 21:02 UTC