000
CXUS55 KBYZ 011514
CLMSHR


CLIMATE REPORT
NATIONAL WEATHER SERVICE BILLINGS MT
911 AM MDT WED APR 1 2020

...................................

...THE SHERIDAN WY CLIMATE SUMMARY FOR THE MONTH OF MARCH 2020...

CLIMATE NORMAL PERIOD 1981 TO 2010
CLIMATE RECORD PERIOD 1907 TO 2020

WEATHER         OBSERVED          NORMAL  DEPART
                 VALUE   DATE(S)  VALUE   FROM
                                          NORMAL
................................................
TEMPERATURE (F)
HIGHEST            72   03/07
LOWEST             12   03/02
AVG. MAXIMUM     48.5              48.4     0.1
AVG. MINIMUM     24.3              22.0     2.3
MEAN             36.4              35.2     1.2
DAYS MAX >= 90      0
DAYS MAX <= 32      2
DAYS MIN <= 32     28
DAYS MIN <= 0       0

PRECIPITATION (INCHES)
TOTALS           0.55              0.98   -0.43
DAYS >= .01        10
DAYS >= .10         2
DAYS >= .50         0
DAYS >= 1.00        0
GREATEST
 24 HR. TOTAL    0.17   03/11 TO 03/11

DEGREE_DAYS
HEATING TOTAL     880               924     -44
 SINCE 7/1       6374              6460     -86
COOLING TOTAL       0                 0       0
 SINCE 1/1          0                 0       0
.................................................

WIND (MPH)
AVERAGE WIND SPEED              8.2
HIGHEST WIND SPEED/DIRECTION    51/320    DATE  03/03
HIGHEST GUST SPEED/DIRECTION    63/290    DATE  03/03

AVERAGE RH (PERCENT)     60

WEATHER CONDITIONS. NUMBER OF DAYS WITH
THUNDERSTORM              0     MIXED PRECIP               0
HEAVY RAIN                0     RAIN                       1
LIGHT RAIN                4     FREEZING RAIN              0
LT FREEZING RAIN          0     HAIL                       0
HEAVY SNOW                1     SNOW                       3
LIGHT SNOW               11     SLEET                      0
FOG                      12     FOG W/VIS <= 1/4 MILE      1
HAZE                      3

-  INDICATES NEGATIVE NUMBERS.
R  INDICATES RECORD WAS SET OR TIED.
MM INDICATES DATA IS MISSING.
T  INDICATES TRACE AMOUNT.

&&

...MARCH 2020 MONTH IN REVIEW FOR SHERIDAN...

BELOW IS A SUMMARY OF THE TEMPERATURE AND PRECIPITATION
STATISTICS FOR SHERIDAN FOR MARCH 2020. ALL TEMPERATURES ARE IN
DEGREES FAHRENHEIT AND ALL PRECIPITATION AMOUNTS ARE IN INCHES. NORMALS
ARE 30 YEAR AVERAGES CALCULATED FROM 1981 TO 2010. MONTHLY RANKINGS
FOR PRECIPITATION AND TEMPERATURES USE A PERIOD
OF RECORD THAT STARTED IN MAY 1934 AT OR NEAR THE SHERIDAN AIRPORT.

NUMBERS DENOTED WITH AN * IS MISSING DATA IN THE CALCULATION.

...SHERIDAN MONTHLY PRECIPITATION...

 MONTH   2020 VALUES  NORMALS    DEPARTURE  RANKING

MARCH        0.55     0.98       -0.43      TIED FOR THE 21ST DRIEST OUT OF 113 YEARS
                                            (RECORD DRIEST WAS 0.14 IN 1978)
                                            (DRIEST SINCE 0.44 IN 2019)

...SHERIDAN MARCH 2020 BROKEN OR TIED DAILY PRECIPITATION RECORDS...

NONE

...SHERIDAN AVERAGE TEMPERATURES...

 MONTH   2020 VALUES  NORMALS   DEPARTURE  RANKING

MARCH        36.4      35.2      +1.2      35TH WARMEST OUT OF 113 YEARS
                                           (RECORD WARMEST WAS 45.5 IN 2012)
                                           (WARMEST SINCE 41.0 IN 2017)

...SHERIDAN AVERAGE HIGH TEMPERATURES...

 MONTH   2020 VALUES  NORMALS   DEPARTURE  RANKING

MARCH        48.5      48.4      +0.1      TIED FOR THE 39TH WARMEST OUT OF 113 YEARS
                                           (RECORD WARMEST WAS 61.8 IN 2012)
                                           (WARMEST SINCE 53.1 IN 2017)

...SHERIDAN MARCH 2020 BROKEN OR TIED WARMEST DAILY HIGH TEMPERATURE RECORDS...

72 ON MARCH  7 (OLD RECORD 65 IN 1986)

...SHERIDAN MARCH 2020 BROKEN OR TIED COLDEST DAILY HIGH TEMPERATURE RECORDS...

NONE

...SHERIDAN AVERAGE LOW TEMPERATURES...

 MONTH   2020 VALUES  NORMALS   DEPARTURE  RANKING

MARCH        24.3      22.0      +2.3      TIED FOR THE 26TH WARMEST OUT OF 113 YEARS
                                           (RECORD WARMEST WAS 30.7 IN 1986)
                                           (WARMEST SINCE 28.9 IN 2017)

...SHERIDAN MARCH 2020 BROKEN OR TIED WARMEST DAILY LOW TEMPERATURE RECORDS...

NONE

...SHERIDAN MARCH 2020 BROKEN OR TIED COLDEST DAILY LOW TEMPERATURE RECORDS...

NONE

$$





USA.gov is the U.S. government's official web portal to all federal, state and local government web resources and services.
  • National Weather Service
  • WSO Pago Pago Weather Service Office
  • Pago Pago, AS
  • (684) 699-9130
  • Page Author: PPG Webmaster
  • Incorrect Region Format!
  • Web Master's E-mail:
  • Page last modified: Mar 10th, 2020 21:02 UTC