000
CXUS56 KMTR 010848
CLMSJC

CLIMATE REPORT
NATIONAL WEATHER SERVICE SAN FRANCISCO BAY AREA
148 AM PDT WED APR 01 2020

...................................

...THE SAN JOSE AIRPORT CLIMATE SUMMARY FOR THE MONTH OF MARCH 2020...

CLIMATE NORMAL PERIOD: 1981 TO 2010
CLIMATE RECORD PERIOD: 1893 TO 2020

WEATHER         OBSERVED          NORMAL  DEPART   LAST YEAR`S
                VALUE   DATE(S)   VALUE   FROM     VALUE DATE(S)
                                          NORMAL
................................................................
TEMPERATURE (F)
RECORD
 HIGH             89   03/14/2015
 LOW              25   03/06/1903
                       03/15/1895
HIGHEST           78   03/04                          78  03/18
LOWEST            37   03/17                          39  03/15
                       03/26
                                                          03/14
                                                          03/12
AVG. MAXIMUM    63.6               65.7    -2.1     64.1
AVG. MINIMUM    46.0               46.6    -0.6     45.2
MEAN            54.8                                54.6
DAYS MAX >= 90     0                                   0
DAYS MAX <= 32     0                                   0
DAYS MIN <= 32     0                                   0
DAYS MIN <= 0      0                                   0

PRECIPITATION (INCHES)
RECORD
 MAXIMUM        2.06   2020
 MINIMUM        2.06   2020
TOTALS          2.06R              2.04    0.02     2.81
DAILY AVG.      0.07               0.08   -0.02     0.09
DAYS >= .01       11                                  16
DAYS >= .10        4                                   8
DAYS >= .50        2                                   2
DAYS >= 1.00       0                                   0
GREATEST
 24 HR. TOTAL   0.71   03/14 TO 03/15               0.57  03/02 TO 03/02


DEGREE DAYS
HEATING TOTAL    311                276      35      314
 SINCE 7/1      1708               1941    -233     1763
COOLING TOTAL      0                  2      -2        0
 SINCE 1/1         0                  2      -2        0
................................................................

WIND (MPH)
AVERAGE WIND SPEED              6.1
RESULTANT WIND SPEED/DIRECTION   1/250
HIGHEST WIND SPEED/DIRECTION    29/200    DATE  03/13
HIGHEST GUST SPEED/DIRECTION    36/200    DATE  03/13

SKY COVER
POSSIBLE SUNSHINE (PERCENT)   MM
AVERAGE SKY COVER           0.60
NUMBER OF DAYS FAIR            5
NUMBER OF DAYS PC             15
NUMBER OF DAYS CLOUDY         11

AVERAGE RH (PERCENT)     65

WEATHER CONDITIONS. NUMBER OF DAYS WITH
THUNDERSTORM              2     MIXED PRECIP               0
HEAVY RAIN                2     RAIN                       5
LIGHT RAIN               13     FREEZING RAIN              0
LT FREEZING RAIN          0     HAIL                       0
HEAVY SNOW                0     SNOW                       0
LIGHT SNOW                0     SLEET                      0
FOG                       7     FOG W/VIS <= 1/4 MILE      0
HAZE                      3

-  INDICATES NEGATIVE NUMBERS.
R  INDICATES RECORD WAS SET OR TIED.
MM INDICATES DATA IS MISSING.
T  INDICATES TRACE AMOUNT.

$$



USA.gov is the U.S. government's official web portal to all federal, state and local government web resources and services.
  • National Weather Service
  • WSO Pago Pago Weather Service Office
  • Pago Pago, AS
  • (684) 699-9130
  • Page Author: PPG Webmaster
  • Incorrect Region Format!
  • Web Master's E-mail:
  • Page last modified: Mar 10th, 2020 21:02 UTC