000
CXUS54 KSJT 011451
CLMSJT


CLIMATE REPORT
NATIONAL WEATHER SERVICE SAN ANGELO TX
938 AM CDT WED APR 1 2020

...................................

...THE SAN ANGELO CLIMATE SUMMARY FOR THE MONTH OF MARCH 2020...

CLIMATE NORMAL PERIOD 1981 TO 2010
CLIMATE RECORD PERIOD 1907 TO 2020

WEATHER         OBSERVED          NORMAL  DEPART  LAST YEAR`S
                 VALUE   DATE(S)  VALUE   FROM    VALUE  DATE(S)
                                          NORMAL
................................................................
TEMPERATURE (F)
RECORD
 HIGH              98   03/17/1908
 LOW                8   03/02/1980
HIGHEST            93   03/25                         88  03/29
LOWEST             37   03/06                         15  03/05
AVG. MAXIMUM     74.5              71.1     3.4     67.8
AVG. MINIMUM     51.7              44.4     7.3     42.4
MEAN             63.1              57.8     5.3     55.1
DAYS MAX >= 90      2               0.6     1.4        0
DAYS MAX <= 32      0               0.0     0.0        1
DAYS MIN <= 32      0               3.5    -3.5        4
DAYS MIN <= 0       0               0.0     0.0        0

PRECIPITATION (INCHES)
RECORD
 MAXIMUM         5.00   1953
 MINIMUM         0.00   1963
                        1925
                        1916
TOTALS           3.12              1.50    1.62     0.66
DAILY AVG.       0.10              0.05    0.05     0.02
DAYS >= .01         9               5.6     3.4        2
DAYS >= .10         4               3.0     1.0        1
DAYS >= .50         1               1.1    -0.1        1
DAYS >= 1.00        1               0.3     0.7        0
GREATEST
 24 HR. TOTAL    2.22   03/04 TO 03/04           03/13 TO 03/13
                                                          03/31 TO 03/31EATHER         OBSERVED          NORMAL  DEPART  LAST YEAR`S
                                                          03/31 TO 03/31EATHER         OBSERVED          NORMAL  DEPART  LAST YEAR`S

SNOWFALL (INCHES)
RECORDS
 TOTAL            3.1   1962
TOTALS            0.0               0.1    -0.1      0.0
SINCE 7/1         0.3               2.2    -1.9        T
SNOWDEPTH AVG.      0                MM      MM        0
DAYS >= 1.0         0               0.0     0.0        0
GREATEST
 SNOW DEPTH         0   MM                             0  MM

DEGREE_DAYS
HEATING TOTAL     122               257    -135      325
 SINCE 7/1       1883              2218    -335     2291
COOLING TOTAL      72                33      39       23
 SINCE 1/1         78                38      40       31
.................................................................

WIND (MPH)
AVERAGE WIND SPEED              9.1
HIGHEST WIND SPEED/DIRECTION    29/300    DATE  03/28
HIGHEST GUST SPEED/DIRECTION    36/300    DATE  03/28

SKY COVER
AVERAGE SKY COVER           0.30

AVERAGE RH (PERCENT)     65

WEATHER CONDITIONS. NUMBER OF DAYS WITH
THUNDERSTORM              7     MIXED PRECIP               0
HEAVY RAIN                3     RAIN                       4
LIGHT RAIN                9     FREEZING RAIN              0
LIGHT FREEZING RAIN       0     HAIL                       0
HEAVY SNOW                0     SNOW                       0
LIGHT SNOW                0     SLEET                      0
FOG                      14     FOG W/VIS <= 1/4 MILE      1
HAZE                      4
-  INDICATES NEGATIVE NUMBERS.
R  INDICATES RECORD WAS SET OR TIED.
MM INDICATES DATA IS MISSING.
T  INDICATES TRACE AMOUNT.

$$




USA.gov is the U.S. government's official web portal to all federal, state and local government web resources and services.
  • National Weather Service
  • WSO Pago Pago Weather Service Office
  • Pago Pago, AS
  • (684) 699-9130
  • Page Author: PPG Webmaster
  • Incorrect Region Format!
  • Web Master's E-mail:
  • Page last modified: Mar 10th, 2020 21:02 UTC