000
CXUS45 KSLC 012301 CCA
CLMSLC

CLIMATE REPORT
NATIONAL WEATHER SERVICE SALT LAKE CITY UT
400 PM MST SUN MAR 1 2020

...................................

...THE SALT LAKE CITY UT CLIMATE SUMMARY FOR THE MONTH OF FEBRUARY 2020...

CLIMATE NORMAL PERIOD 1981 TO 2010
CLIMATE RECORD PERIOD 1874 TO 2020

WEATHER         OBSERVED          NORMAL  DEPART  LAST YEAR`S
                 VALUE   DATE(S)  VALUE   FROM    VALUE  DATE(S)
                                          NORMAL
................................................................
TEMPERATURE (F)
RECORD
 HIGH              69   02/28/1972
 LOW              -30   02/09/1933
HIGHEST            60   02/29                         57  02/26
                        02/28
LOWEST              9   02/04                         12  02/08
AVG. MAXIMUM     43.7              43.2     0.5     41.7
AVG. MINIMUM     26.2              25.2     1.0     27.8
MEAN             35.0              34.2     0.8     34.7
DAYS MAX >= 90      0               0.0     0.0        0
DAYS MAX <= 32      3               3.3    -0.3        6
DAYS MIN <= 32     26              22.0     4.0       20
DAYS MIN <= 0       0               0.3    -0.3        0

PRECIPITATION (INCHES)
TOTALS           1.25              1.25    0.00     1.26
DAYS >= .01         6               9.4    -3.4       14
DAYS >= .10         3               4.1    -1.1        4
DAYS >= .50         0               0.3    -0.3        0
DAYS >= 1.00        0               0.0     0.0        0

SNOWFALL (INCHES)
TOTALS           11.5              10.7     0.8     13.9
SINCE 7/1        36.4              45.4             35.4

DEGREE_DAYS
HEATING TOTAL     865               862       3      841
 SINCE 7/1       4060              4282    -222     4064
COOLING TOTAL       0                 0       0        0
 SINCE 1/1          0                 0       0        0
.................................................................

WIND (MPH)
AVERAGE WIND SPEED              6.9
HIGHEST WIND SPEED/DIRECTION    32/360    DATE  02/08
HIGHEST GUST SPEED/DIRECTION    41/320    DATE  02/24


WEATHER CONDITIONS. NUMBER OF DAYS WITH
THUNDERSTORM              0     RAIN                       0
HAIL                      1     SNOW                       3
FOG                       6     FOG W/VIS <= 1/4 MILE      0
HAZE                      2

-  INDICATES NEGATIVE NUMBERS.
R  INDICATES RECORD WAS SET OR TIED.
MM INDICATES DATA IS MISSING.
T  INDICATES TRACE AMOUNT.

$$


USA.gov is the U.S. government's official web portal to all federal, state and local government web resources and services.
  • National Weather Service
  • WSO Pago Pago Weather Service Office
  • Pago Pago, AS
  • (684) 699-9130
  • Page Author: PPG Webmaster
  • Incorrect Region Format!
  • Web Master's E-mail:
  • Page last modified: Mar 10th, 2020 21:02 UTC