000
CXUS56 KPQR 011830 CCA
CLMSLE

CLIMATE REPORT...CORRECTED
NATIONAL WEATHER SERVICE PORTLAND OREGON
1012 AM PST SUN MAR 1 2020

...................................

...THE SALEM OR CLIMATE SUMMARY FOR THE MONTH OF FEBRUARY 2020...

CLIMATE NORMAL PERIOD 1981 TO 2010
CLIMATE RECORD PERIOD 1892 TO 2020

WEATHER         OBSERVED          NORMAL  DEPART  LAST YEAR`S
                 VALUE   DATE(S)  VALUE   FROM    VALUE  DATE(S)
                                          NORMAL
................................................................
TEMPERATURE (F)
HIGHEST            61                                 54  02/01
LOWEST             25                                 24  02/07
AVG. MAXIMUM     51.2              51.6    -0.4     44.0
AVG. MINIMUM     32.5              34.6    -2.1     32.8
MEAN             41.9              43.1    -1.2     38.4
DAYS MAX >= 90      0               0.0     0.0        0
DAYS MAX <= 32      0               0.2    -0.2        0
DAYS MIN <= 32     19              10.1     8.9       16
DAYS MIN <= 0       0               0.0     0.0        0

PRECIPITATION (INCHES)
RECORD
 MAXIMUM        13.41   2017
 MINIMUM         0.34   1920
TOTALS           1.78              4.56   -2.78     7.09
DAYS >= .01        12              15.0    -3.0       23
DAYS >= .10         6              10.0    -4.0       17
DAYS >= .50         1               3.0    -2.0        5
DAYS >= 1.00        0               0.7    -0.7        1
GREATEST
 24 HR. TOTAL    0.56   02/15 TO 02/15

DEGREE_DAYS
HEATING TOTAL     664               613      51      738
 SINCE 7/1       3194              3260     -66     2999
COOLING TOTAL       0                 0       0        0
 SINCE 1/1          0                 0       0        0
.................................................................

WIND (MPH)
AVERAGE WIND SPEED              6.0
RESULTANT WIND SPEED/DIRECTION   3/189
HIGHEST WIND SPEED/DIRECTION    29/190    DATE  02/23
HIGHEST GUST SPEED/DIRECTION    38/210    DATE  02/01

SKY COVER
POSSIBLE SUNSHINE (PERCENT)   MM
AVERAGE SKY COVER           0.50
NUMBER OF DAYS FAIR            7
NUMBER OF DAYS PC             15
NUMBER OF DAYS CLOUDY          7

AVERAGE RH (PERCENT)     77

WEATHER CONDITIONS. NUMBER OF DAYS WITH
THUNDERSTORMS             0     MIXED PRECIP                0
HEAVY RAIN                0     RAIN                        3
LIGHT RAIN               13     FREEZING RAIN               0
LT FREEZING RAIN          0     HAIL                        0
HEAVY SNOW                0     SNOW                        0
LIGHT SNOW                0     SLEET                       0
FOG                      20     FOG W/VIS <= 1/4 MILE       5
HAZE                      4


-  INDICATES NEGATIVE NUMBERS.
R  INDICATES RECORD WAS SET OR TIED.
MM INDICATES DATA IS MISSING.
T  INDICATES TRACE AMOUNT.

$$


USA.gov is the U.S. government's official web portal to all federal, state and local government web resources and services.
  • National Weather Service
  • WSO Pago Pago Weather Service Office
  • Pago Pago, AS
  • (684) 699-9130
  • Page Author: PPG Webmaster
  • Incorrect Region Format!
  • Web Master's E-mail:
  • Page last modified: Mar 10th, 2020 21:02 UTC