000
CXUS53 KICT 020349
CLMSLN

CLIMATE REPORT
NATIONAL WEATHER SERVICE WICHITA KS
1021 PM CDT WED APR 1 2020

...................................

...THE SALINA KS CLIMATE SUMMARY FOR THE MONTH OF MARCH 2020...

CLIMATE NORMAL PERIOD 1981 TO 2010
CLIMATE RECORD PERIOD 1894 TO 2020

WEATHER         OBSERVED          NORMAL  DEPART  LAST YEAR`S
                 VALUE   DATE(S)  VALUE   FROM    VALUE  DATE(S)
                                          NORMAL
................................................................
TEMPERATURE (F)
RECORD
 HIGH              96   03/21/1907
 LOW              -11   03/11/1948
HIGHEST            81   03/25                         76  03/27
LOWEST             23   03/21                         -3  03/04
                        03/06
AVG. MAXIMUM     59.3              57.0     2.3     50.7
AVG. MINIMUM     37.3              33.9     3.4     29.6
MEAN             48.3              45.4     2.9     40.2
DAYS MAX >= 90      0               0.0     0.0        0
DAYS MAX <= 32      0               0.9    -0.9        4
DAYS MIN <= 32      7              13.0    -6.0       19
DAYS MIN <= 0       0               0.0     0.0        2

PRECIPITATION (INCHES)
RECORD
 MAXIMUM        10.82   1973
 MINIMUM         0.00   1968
                        1966
                        1910
TOTALS           1.12              2.39   -1.27     1.20
DAILY AVG.       0.04              0.08   -0.04     0.05
DAYS >= .01         9               7.7     1.3        9
DAYS >= .10         4               4.5    -0.5        3
DAYS >= .50         0               1.6    -1.6        0
DAYS >= 1.00        0               0.6    -0.6        0
GREATEST
 24 HR. TOTAL    0.32   03/08 TO 03/08

DEGREE_DAYS
HEATING TOTAL     512               609     -97      760
 SINCE 7/1       4366              4450     -84     4940
COOLING TOTAL       0                 2      -2        0
.................................................................

WIND (MPH)
AVERAGE WIND SPEED              10.7
HIGHEST WIND SPEED/DIRECTION    41/200    DATE  03/08
HIGHEST GUST SPEED/DIRECTION    56/190    DATE  03/08

SKY COVER
POSSIBLE SUNSHINE (PERCENT)   MM
AVERAGE SKY COVER           0.50
NUMBER OF DAYS FAIR           17
NUMBER OF DAYS PC              2
NUMBER OF DAYS CLOUDY         12

AVERAGE RH (PERCENT)     65

-  INDICATES NEGATIVE NUMBERS.
R  INDICATES RECORD WAS SET OR TIED.
MM INDICATES DATA IS MISSING.
T  INDICATES TRACE AMOUNT.

$$


USA.gov is the U.S. government's official web portal to all federal, state and local government web resources and services.
  • National Weather Service
  • WSO Pago Pago Weather Service Office
  • Pago Pago, AS
  • (684) 699-9130
  • Page Author: PPG Webmaster
  • Incorrect Region Format!
  • Web Master's E-mail:
  • Page last modified: Mar 10th, 2020 21:02 UTC