000
CXUS56 KPQR 011839 AAA
CLMSPB

CLIMATE REPORT...CORRECTED
NATIONAL WEATHER SERVICE PORTLAND OREGON
1012 AM PST SUN MAR 1 2020

...................................

...THE SCAPPOOSE OR CLIMATE SUMMARY FOR THE MONTH OF FEBRUARY 2020...

CLIMATE NORMAL PERIOD 1981 TO 2010
CLIMATE RECORD PERIOD 9999 TO 9999

WEATHER         OBSERVED          NORMAL  DEPART  LAST YEAR`S
                 VALUE   DATE(S)  VALUE   FROM    VALUE  DATE(S)
                                          NORMAL
................................................................
TEMPERATURE (F)
HIGHEST            63                                 52  02/20
                                                          02/02
LOWEST             26                                 21  02/07
AVG. MAXIMUM     51.1              51.5    -0.4     44.7
AVG. MINIMUM     32.3              33.4    -1.1     32.5
MEAN             41.7              42.4    -0.7     38.6
DAYS MAX >= 90      0               0.0     0.0        0
DAYS MAX <= 32      0               0.0     0.0        0
DAYS MIN <= 32     21              11.9     9.1       15
DAYS MIN <= 0       0               0.0     0.0        0

PRECIPITATION (INCHES)
RECORD
 MAXIMUM           MM   MM
 MINIMUM           MM   MM
TOTALS           1.55              4.49   -2.94     5.43
DAYS >= .01        14                MM      MM       20
DAYS >= .10         8                MM      MM       11
DAYS >= .50         0                MM      MM        2
DAYS >= 1.00        0                MM      MM        2
GREATEST
 24 HR. TOTAL    0.30   02/01 TO 02/01

DEGREE_DAYS
HEATING TOTAL     668               631      37      732
 SINCE 7/1       3248              3478    -230     3151
COOLING TOTAL       0                 0       0        0
 SINCE 1/1          0                 0       0        0
.................................................................

WIND (MPH)
AVERAGE WIND SPEED              3.2
RESULTANT WIND SPEED/DIRECTION   1/254
HIGHEST WIND SPEED/DIRECTION    30/260    DATE  02/23
HIGHEST GUST SPEED/DIRECTION    40/260    DATE  02/23

SKY COVER
POSSIBLE SUNSHINE (PERCENT)   MM
AVERAGE SKY COVER           0.60

AVERAGE RH (PERCENT)     81

WEATHER CONDITIONS. NUMBER OF DAYS WITH
THUNDERSTORMS             0     MIXED PRECIP                0
HEAVY RAIN                1     RAIN                        4
LIGHT RAIN               19     FREEZING RAIN               0
LT FREEZING RAIN          0     HAIL                        0
HEAVY SNOW                0     SNOW                        0
LIGHT SNOW                1     SLEET                       0
FOG                      23     FOG W/VIS <= 1/4 MILE      10
HAZE                      5


-  INDICATES NEGATIVE NUMBERS.
R  INDICATES RECORD WAS SET OR TIED.
MM INDICATES DATA IS MISSING.
T  INDICATES TRACE AMOUNT.

$$



USA.gov is the U.S. government's official web portal to all federal, state and local government web resources and services.
  • National Weather Service
  • WSO Pago Pago Weather Service Office
  • Pago Pago, AS
  • (684) 699-9130
  • Page Author: PPG Webmaster
  • Incorrect Region Format!
  • Web Master's E-mail:
  • Page last modified: Mar 10th, 2020 21:02 UTC