000
CXUS53 KILX 012137
CLMSPI

CLIMATE REPORT
NATIONAL WEATHER SERVICE LINCOLN IL
244 PM CST SUN MAR 1 2020

...................................

...THE SPRINGFIELD IL CLIMATE SUMMARY FOR THE MONTH OF FEBRUARY 2020...

CLIMATE NORMAL PERIOD 1981 TO 2010
CLIMATE RECORD PERIOD 1879 TO 2020

WEATHER         OBSERVED          NORMAL  DEPART  LAST YEAR`S
                 VALUE   DATE(S)  VALUE   FROM    VALUE
                                          NORMAL
.............................................................
TEMPERATURE (F)
RECORD
 HIGH              78   02/24/1930
 LOW              -24   02/13/1905
HIGHEST            66   02/03        39      27       58
LOWEST             -5   02/14        23     -28        8
AVG. MAXIMUM     39.7              39.9    -0.2     38.0
AVG. MINIMUM     24.1              22.6     1.5     22.9
MEAN             31.9              31.2     0.7     30.4
DAYS MAX >= 90      0               0.0     0.0        0
DAYS MAX <= 32      6               7.2    -1.2        9
DAYS MIN <= 32     23              22.5     0.5       26
DAYS MIN <= 0       2               1.3     0.7        0

PRECIPITATION (INCHES)
RECORD
 MAXIMUM         7.92   1882
 MINIMUM         0.30   1907
TOTALS           3.28              1.81    1.47     1.89
DAILY AVG.       0.11                MM      MM     0.07
DAYS >= .01        12               8.1     3.9       11
DAYS >= .10         8               4.0     4.0        5
DAYS >= .50         2               1.0     1.0        1
DAYS >= 1.00        0               0.2    -0.2        0
GREATEST
 24 HR. TOTAL    0.68   02/17 TO 02/17              0.56

SNOWFALL (INCHES)
RECORDS
 TOTAL           24.4   1900
TOTALS           10.7               5.5     5.2      0.8
SINCE 7/1        28.0              18.1     9.9     26.3
DAYS >= 1.0         3               1.5     1.5        0
GREATEST
 SNOW DEPTH         3   02/26                          1
                        02/13
                        02/07
 24 HR TOTAL      3.2   02/26 TO 02/26               0.6

DEGREE_DAYS
HEATING TOTAL     952               945       7      959
 SINCE 7/1       4070              4300    -230     4411
COOLING TOTAL       0                 0       0        0
 SINCE 1/1          0                 0       0        0
..............................................................

WIND (MPH)
AVERAGE WIND SPEED              9.8
HIGHEST WIND SPEED/DIRECTION    28/160    DATE  02/09
HIGHEST GUST SPEED/DIRECTION    39/160    DATE  02/09

SKY COVER
POSSIBLE SUNSHINE (PERCENT)   MM
AVERAGE SKY COVER           0.50
NUMBER OF DAYS FAIR           10
NUMBER OF DAYS PC              6
NUMBER OF DAYS CLOUDY         13

AVERAGE RH (PERCENT)     74

WEATHER CONDITIONS. NUMBER OF DAYS WITH
THUNDERSTORM              0     MIXED PRECIP               0
HEAVY RAIN                0     RAIN                       3
LIGHT RAIN                6     FREEZING RAIN              0
LT FREEZING RAIN          0     HAIL                       0
HEAVY SNOW                0     SNOW                       2
LIGHT SNOW               10     SLEET                      0
FOG                      19     FOG W/VIS <= 1/4 MILE      5
HAZE                     11

-  INDICATES NEGATIVE NUMBERS.
R  INDICATES RECORD WAS SET OR TIED.
MM INDICATES DATA IS MISSING.
T  INDICATES TRACE AMOUNT.

&&

RECORDS SET THIS MONTH:

* NONE

$$


USA.gov is the U.S. government's official web portal to all federal, state and local government web resources and services.
  • National Weather Service
  • WSO Pago Pago Weather Service Office
  • Pago Pago, AS
  • (684) 699-9130
  • Page Author: PPG Webmaster
  • Incorrect Region Format!
  • Web Master's E-mail:
  • Page last modified: Mar 10th, 2020 21:02 UTC