000
CXUS52 KTBW 011359
CLMSRQ


CLIMATE REPORT
NATIONAL WEATHER SERVICE TAMPA BAY FL
931 AM EDT WED APR 1 2020

...................................

...THE SARASOTA BRADENTON CLIMATE SUMMARY FOR THE MONTH OF MARCH 2020...

...WARMEST MARCH SINCE RECORDS BEGAN IN 1911...

CLIMATE NORMAL PERIOD 1981 TO 2010
CLIMATE RECORD PERIOD 1911 TO 2020

WEATHER         OBSERVED          NORMAL  DEPART  LAST YEAR`S
                 VALUE   DATE(S)  VALUE   FROM    VALUE  DATE(S)
                                          NORMAL
................................................................
TEMPERATURE (F)
ALL-TIME MARCH RECORD
 HIGH              91   03/19/1921
 LOW               30   03/03/1980
                        03/04/1943
                        03/02/1941

MARCH 2020
HIGHEST            88   03/19        MM      MM       86  03/13
                        03/16
LOWEST             44   03/01        MM      MM       45  03/07
AVG. MAXIMUM     82.3              76.2     6.1     78.4
AVG. MINIMUM     64.0              57.1     6.9     59.0
MEAN             73.1              66.6     6.5     68.7
DAYS MAX >= 90      0               0.0     0.0        0
DAYS MAX <= 32      0               0.0     0.0        0
DAYS MIN <= 32      0               0.0     0.0        0
DAYS MIN <= 0       0               0.0     0.0        0

PRECIPITATION (INCHES)
ALL-TIME MARCH RECORD
 MAXIMUM        11.10   1987
 MINIMUM            T   1939

MARCH 2020
TOTALS           1.14              3.86   -2.72     1.27
DAILY AVG.       0.04              0.12   -0.08     0.04
DAYS >= .01         1                MM      MM        6
DAYS >= .10         1                MM      MM        3
DAYS >= .50         1                MM      MM        1
DAYS >= 1.00        1                MM      MM        0
GREATEST
 24 HR. TOTAL    1.14   03/31 TO 03/31

DEGREE_DAYS
HEATING TOTAL      10                49     -39       28
 SINCE 7/1        201               467    -266      275
COOLING TOTAL     269               100     169      148
 SINCE 1/1        527               204     323      382
.................................................................

WIND (MPH)
AVERAGE WIND SPEED              8.6
HIGHEST WIND SPEED/DIRECTION    38/310    DATE  03/31
HIGHEST GUST SPEED/DIRECTION    48/310    DATE  03/31

SKY COVER (DOES NOT INCLUDE CLOUDS ABOVE 12000 FEET)
POSSIBLE SUNSHINE (PERCENT)   MM
AVERAGE SKY COVER           0.20
NUMBER OF DAYS FAIR           25
NUMBER OF DAYS PC              6
NUMBER OF DAYS CLOUDY          0

AVERAGE RH (PERCENT)     73

WEATHER CONDITIONS. NUMBER OF DAYS WITH
THUNDERSTORM              1     MIXED PRECIP                0
HEAVY RAIN                1     RAIN                        1
LIGHT RAIN                4     FREEZING RAIN               0
LT FREEZING RAIN          0     HAIL                        0
HEAVY SNOW                0     SNOW                        0
LIGHT SNOW                0     SLEET                       0
FOG                       6     FOG W/VIS <= 1/4 MILE       1
HAZE                      2
.................................................................

REMARKS
THE MARCH 2020 MONTHLY AVERAGE TEMPERATURE OF 73.1 DEGREES
RANKS AS THE WARMEST MARCH SINCE RECORDS BEGAN IN 1911. THE
PREVIOUS WARMEST MARCH HAD AN AVERAGE TEMPERATURE 73.0 DEGREES
IN 2012 AND THE COOLEST MARCH HAD AN AVERAGE TEMPERATURE OF
57.0 DEGREES IN 1915.

THE MARCH 2020 MONTHLY RAINFALL TOTAL OF 1.14 INCHES RANKS AS
THE 78TH WETTEST/32ND DRIEST MARCH SINCE RECORDS BEGAN IN 1911.
-  INDICATES NEGATIVE NUMBERS.
R  INDICATES RECORD WAS SET OR TIED.
MM INDICATES DATA IS MISSING.
T  INDICATES TRACE AMOUNT.

$$





USA.gov is the U.S. government's official web portal to all federal, state and local government web resources and services.
  • National Weather Service
  • WSO Pago Pago Weather Service Office
  • Pago Pago, AS
  • (684) 699-9130
  • Page Author: PPG Webmaster
  • Incorrect Region Format!
  • Web Master's E-mail:
  • Page last modified: Mar 10th, 2020 21:02 UTC