000
CXUS52 KJAX 011330
CLMSSI

CLIMATE REPORT
NATIONAL WEATHER SERVICE JACKSONVILLE FL
930 AM EDT WED APR 01 2020

...................................

...THE ST SIMONS ISLAND CLIMATE SUMMARY FOR THE MONTH OF MARCH 2020...

CLIMATE NORMAL PERIOD: 1981 TO 2010
CLIMATE RECORD PERIOD: 1948 TO 2020

WEATHER         OBSERVED          NORMAL  DEPART   LAST YEAR`S
                VALUE   DATE(S)   VALUE   FROM     VALUE DATE(S)
                                          NORMAL
................................................................
TEMPERATURE (F)
RECORD
 HIGH             90   03/22/2011
                       03/12/1967
 LOW              22   03/03/1980
HIGHEST           90R  03/15         69      21       83  03/31
LOWEST            35   03/01         52     -17       36  03/07
                                                          03/06
AVG. MAXIMUM    76.7               68.9     7.8     70.4
AVG. MINIMUM    59.9               51.7     8.2     53.8
MEAN            68.3               60.3     8.0     62.1
DAYS MAX >= 90     1                0.0     1.0        0
DAYS MIN <= 32     0                0.3    -0.3        0

PRECIPITATION (INCHES)
RECORD
 MAXIMUM       10.71   1983
 MINIMUM        0.26   2006
TOTALS          2.71               3.88   -1.17     1.76
DAILY AVG.      0.09               0.13   -0.04     0.06
DAYS >= .01        4                7.5    -3.5        7
DAYS >= .10        4                5.3    -1.3        6
DAYS >= .50        2                2.6    -0.6        1
DAYS >= 1.00       1                1.1    -0.1        0
GREATEST
 24 HR. TOTAL   1.07   03/05 TO 03/05

SNOWFALL (INCHES)
RECORDS
 TOTAL             T   1986
TOTALS           0.0                0.0     0.0      0.0

DEGREE DAYS
HEATING TOTAL     59                177    -118      126
 SINCE 7/1       922               1428    -506      979
COOLING TOTAL    171                 31     140       45
 SINCE 1/1       228                 40     188       96
................................................................

WIND (MPH)
AVERAGE WIND SPEED              7.9
HIGHEST WIND SPEED/DIRECTION    24/030    DATE  03/05
HIGHEST GUST SPEED/DIRECTION    32/280    DATE  03/06

SKY COVER
AVERAGE SKY COVER           0.30

AVERAGE RH (PERCENT)     70

WEATHER CONDITIONS. NUMBER OF DAYS WITH
THUNDERSTORM              4     MIXED PRECIP               0
HEAVY RAIN                4     RAIN                       4
LIGHT RAIN                4     FREEZING RAIN              0
LT FREEZING RAIN          0     HAIL                       0
HEAVY SNOW                0     SNOW                       0
LIGHT SNOW                0     SLEET                      0
FOG                      13     FOG W/VIS <= 1/4 MILE      0
HAZE                      2

-  INDICATES NEGATIVE NUMBERS.
R  INDICATES RECORD WAS SET OR TIED.
MM INDICATES DATA IS MISSING.
T  INDICATES TRACE AMOUNT.

$$



USA.gov is the U.S. government's official web portal to all federal, state and local government web resources and services.
  • National Weather Service
  • WSO Pago Pago Weather Service Office
  • Pago Pago, AS
  • (684) 699-9130
  • Page Author: PPG Webmaster
  • Incorrect Region Format!
  • Web Master's E-mail:
  • Page last modified: Mar 10th, 2020 21:02 UTC