000
CXUS53 KEAX 010644
CLMSTJ

CLIMATE REPORT
NATIONAL WEATHER SERVICE
139 AM CDT WED APR 01 2020

...................................

...THE ST. JOSEPH MO CLIMATE SUMMARY FOR THE MONTH OF MARCH 2020...

CLIMATE NORMAL PERIOD: 1981 TO 2010
CLIMATE RECORD PERIOD: 1892 TO 2020

WEATHER         OBSERVED          NORMAL  DEPART   LAST YEAR`S
                VALUE   DATE(S)   VALUE   FROM     VALUE DATE(S)
                                          NORMAL
................................................................
TEMPERATURE (F)
RECORD
 HIGH             90   03/31/1966
 LOW             -13   03/04/1978
HIGHEST           76   03/19         78      -2       71  03/27
LOWEST            20   03/21         14       6       -2  03/04
AVG. MAXIMUM    57.8               54.5     3.3     46.6
AVG. MINIMUM    36.6               31.4     5.2     27.7
MEAN            47.2               42.9     4.3     37.0
DAYS MAX >= 90     0                0.0     0.0        0
DAYS MAX <= 32     0                1.1    -1.1        4
DAYS MIN <= 32     9               16.2    -7.2       19
DAYS MIN <= 0      0                0.0     0.0        1

PRECIPITATION (INCHES)
RECORD
 MAXIMUM        7.30   1973
 MINIMUM        0.14   1936
TOTALS          3.06               2.25    0.81     2.91
DAILY AVG.      0.10               0.07    0.03     0.10
DAYS >= .01        8                8.6    -0.6        8
DAYS >= .10        6                4.9     1.1        7
DAYS >= .50        2                1.5     0.5        2
DAYS >= 1.00       1                0.4     0.6        0
GREATEST
 24 HR. TOTAL   1.54   03/09 TO 03/09


DEGREE DAYS
HEATING TOTAL    542                685    -143      751
 SINCE 7/1      4517               4992    -475     5281
COOLING TOTAL      0                  2      -2        0
 SINCE 1/1         0                  2      -2        0
................................................................

WIND (MPH)
AVERAGE WIND SPEED              9.7
HIGHEST WIND SPEED/DIRECTION    39/220    DATE  03/28
HIGHEST GUST SPEED/DIRECTION    53/220    DATE  03/28

SKY COVER
POSSIBLE SUNSHINE (PERCENT)   MM
AVERAGE SKY COVER           0.48
NUMBER OF DAYS FAIR           14
NUMBER OF DAYS PC              7
NUMBER OF DAYS CLOUDY         10

AVERAGE RH (PERCENT)     66

WEATHER CONDITIONS. NUMBER OF DAYS WITH
THUNDERSTORM              1     MIXED PRECIP               0
HEAVY RAIN                1     RAIN                       4
LIGHT RAIN               10     FREEZING RAIN              0
LT FREEZING RAIN          0     HAIL                       0
HEAVY SNOW                0     SNOW                       0
LIGHT SNOW                0     SLEET                      0
FOG                      16     FOG W/VIS <= 1/4 MILE      2
HAZE                      9

-  INDICATES NEGATIVE NUMBERS.
R  INDICATES RECORD WAS SET OR TIED.
MM INDICATES DATA IS MISSING.
T  INDICATES TRACE AMOUNT.

$$


USA.gov is the U.S. government's official web portal to all federal, state and local government web resources and services.
  • National Weather Service
  • WSO Pago Pago Weather Service Office
  • Pago Pago, AS
  • (684) 699-9130
  • Page Author: PPG Webmaster
  • Incorrect Region Format!
  • Web Master's E-mail:
  • Page last modified: Mar 10th, 2020 21:02 UTC