000
CXUS53 KLSX 011843
CLMSTL

CLIMATE REPORT
NATIONAL WEATHER SERVICE ST LOUIS MO
143 PM CDT WED APR 01 2020

...................................

...THE ST. LOUIS CLIMATE SUMMARY FOR THE MONTH OF MARCH 2020...

CLIMATE NORMAL PERIOD 1981 TO 2010
CLIMATE RECORD PERIOD 1874 TO 2020

WEATHER         OBSERVED          NORMAL  DEPART   LAST YEAR`S
                VALUE   DATE(S)   VALUE   FROM     VALUE
                                          NORMAL
..............................................................
TEMPERATURE (F)
RECORD
 HIGH             92   03/24/1929
 LOW              -5   03/05/1960
HIGHEST           80   03/27                          71
LOWEST            29   03/07                           2
AVG. MAXIMUM    59.5               55.9     3.6     51.8
AVG. MINIMUM    41.9               36.6     5.3     33.4
MEAN            50.7               46.3     4.4     42.6
DAYS MAX >= 90     0                0.0     0.0        0
DAYS MAX <= 32     0                0.7    -0.7        3
DAYS MIN <= 32     1               10.5    -9.5       13
DAYS MIN <= 0      0                0.0     0.0        0

PRECIPITATION (INCHES)
RECORD
 MAXIMUM        8.39   2008
 MINIMUM        0.14   1910
TOTALS          3.85               3.32    0.53     5.63
DAILY AVG.      0.12               0.11    0.01     0.18
DAYS >= .01       13               10.3     2.7       11
DAYS >= .10        8                6.7     1.3        8
DAYS >= .50        2                2.2    -0.2        5
DAYS >= 1.00       0                0.5    -0.5        2
GREATEST
 24 HR. TOTAL   0.97   03/12

SNOWFALL (INCHES)
RECORDS
 TOTAL          28.8   1912
 24 HR TOTAL    20.4   03/30/1890 TO 03/31/1890
TOTALS             T                2.3    -2.3      2.4
SINCE 7/1       14.3               17.3    -3.0       MM
DAYS >= 1.0        0                                   1
GREATEST
 SNOW DEPTH        0
 24 HR TOTAL       T   03/27
                       03/22
                       03/14

DEGREE DAYS
HEATING TOTAL    441                588    -147      686
 SINCE 7/1      3885               4186    -301     4440
COOLING TOTAL      7                  7       0        0
 SINCE 1/1         7                  7       0        0
..............................................................

WIND (MPH)
HIGHEST WIND SPEED/DIRECTION    37/260    DATE  03/29
HIGHEST GUST SPEED/DIRECTION    55/270    DATE  03/29

SKY COVER
NUMBER OF DAYS FAIR            2
NUMBER OF DAYS PC              8
NUMBER OF DAYS CLOUDY         21


WEATHER CONDITIONS. NUMBER OF DAYS WITH
THUNDERSTORM              5     MIXED PRECIP               0
HEAVY RAIN                3     RAIN                       4
LIGHT RAIN               15     FREEZING RAIN              0
LT FREEZING RAIN          0     HAIL                       1
HEAVY SNOW                0     SNOW                       0
LIGHT SNOW                1     SLEET                      2
FOG                      15     FOG W/VIS <= 1/4 MILE      2
HAZE                      7

-  INDICATES NEGATIVE NUMBERS.
R  INDICATES RECORD WAS SET OR TIED.
MM INDICATES DATA IS MISSING.
T  INDICATES TRACE AMOUNT.

$$


...MONTHLY...

15TH WARMEST MARCH ON RECORD (50.7 DEGREES).

2ND LEAST OCCURRENCES WITH A MINIMUM TEMPERATURE AT OR BELOW
FREEZING (1 DAY).

TIED 7TH LEAST SNOWIEST ON RECORD (TRACE).


...DAILY...

NO RECORDS OF NOTE.


USA.gov is the U.S. government's official web portal to all federal, state and local government web resources and services.
  • National Weather Service
  • WSO Pago Pago Weather Service Office
  • Pago Pago, AS
  • (684) 699-9130
  • Page Author: PPG Webmaster
  • Incorrect Region Format!
  • Web Master's E-mail:
  • Page last modified: Mar 10th, 2020 21:02 UTC