000
CXUS56 KMTR 010848
CLMSTS

CLIMATE REPORT
NATIONAL WEATHER SERVICE SAN FRANCISCO BAY AREA
148 AM PDT WED APR 01 2020

...................................

...THE SANTA ROSA AIRPORT CLIMATE SUMMARY FOR THE MONTH OF MARCH 2020...

CLIMATE NORMAL PERIOD: 1981 TO 2010
CLIMATE RECORD PERIOD: 1998 TO 2020

WEATHER         OBSERVED          NORMAL  DEPART   LAST YEAR`S
                VALUE   DATE(S)   VALUE   FROM     VALUE DATE(S)
                                          NORMAL
................................................................
TEMPERATURE (F)
RECORD
 HIGH             89   03/16/2004
 LOW              28   03/10/2009
HIGHEST           85   03/03                          76  03/18
LOWEST            30   03/27                          33  03/11
                       03/26
AVG. MAXIMUM    63.2               64.1    -0.9     62.5
AVG. MINIMUM    39.5               41.5    -2.0     41.5
MEAN            51.3               52.8    -1.5     52.0
DAYS MAX >= 90     0                0.0     0.0        0
DAYS MAX <= 32     0                0.0     0.0        0
DAYS MIN <= 32     4                0.2     3.8        0
DAYS MIN <= 0      0                0.0     0.0        0

PRECIPITATION (INCHES)
RECORD
 MAXIMUM       11.13   2006
 MINIMUM        0.12   2015
TOTALS          1.05                                7.71
DAILY AVG.      0.03                                0.25
DAYS >= .01       10                                  14
DAYS >= .10        5                                  11
DAYS >= .50        0                                   8
DAYS >= 1.00       0                                   2
GREATEST
 24 HR. TOTAL   0.26   03/15 TO 03/15               1.14  03/22 TO 03/22
                       03/14 TO 03/15
                       03/15 TO 03/15


DEGREE DAYS
HEATING TOTAL    416                                 393
 SINCE 7/1      2237                                2342
COOLING TOTAL      0                                   0
 SINCE 1/1         0                                   0
................................................................

WIND (MPH)
AVERAGE WIND SPEED              4.7
RESULTANT WIND SPEED/DIRECTION   1/250
HIGHEST WIND SPEED/DIRECTION    28/050    DATE  03/01
HIGHEST GUST SPEED/DIRECTION    35/040    DATE  03/01

SKY COVER
POSSIBLE SUNSHINE (PERCENT)   MM
AVERAGE SKY COVER           0.54
NUMBER OF DAYS FAIR           11
NUMBER OF DAYS PC             10
NUMBER OF DAYS CLOUDY         10

AVERAGE RH (PERCENT)     72

WEATHER CONDITIONS. NUMBER OF DAYS WITH
THUNDERSTORM              1     MIXED PRECIP               0
HEAVY RAIN                1     RAIN                       6
LIGHT RAIN               11     FREEZING RAIN              0
LT FREEZING RAIN          0     HAIL                       0
HEAVY SNOW                0     SNOW                       0
LIGHT SNOW                0     SLEET                      0
FOG                      23     FOG W/VIS <= 1/4 MILE      7
HAZE                      2

-  INDICATES NEGATIVE NUMBERS.
R  INDICATES RECORD WAS SET OR TIED.
MM INDICATES DATA IS MISSING.
T  INDICATES TRACE AMOUNT.

$$


USA.gov is the U.S. government's official web portal to all federal, state and local government web resources and services.
  • National Weather Service
  • WSO Pago Pago Weather Service Office
  • Pago Pago, AS
  • (684) 699-9130
  • Page Author: PPG Webmaster
  • Incorrect Region Format!
  • Web Master's E-mail:
  • Page last modified: Mar 10th, 2020 21:02 UTC