000
CXUS53 KFSD 011615
CLMSUX

CLIMATE REPORT
NATIONAL WEATHER SERVICE SIOUX FALLS SD
1008 AM CST SUN MAR 01 2020

...................................

...THE SIOUX CITY IA CLIMATE SUMMARY FOR THE MONTH OF FEBRUARY 2020...

CLIMATE NORMAL PERIOD: 1981 TO 2010
CLIMATE RECORD PERIOD: 1889 TO 2020

WEATHER         OBSERVED          NORMAL  DEPART   LAST YEAR`S
                VALUE   DATE(S)   VALUE   FROM     VALUE DATE(S)
                                          NORMAL
................................................................
TEMPERATURE (F)
RECORD
 HIGH             75   02/26/1896
 LOW             -31   02/11/1899
HIGHEST           60   02/29         MM      MM       52  02/02
LOWEST           -14   02/20         MM      MM      -11  02/21
AVG. MAXIMUM    38.3               34.9     3.4     22.4
AVG. MINIMUM    16.0               15.2     0.8      4.9
MEAN            27.2               25.1     2.1     13.6
DAYS MAX >= 90     0                0.0     0.0        0
DAYS MAX <= 32     7               11.5    -4.5       25
DAYS MIN <= 32    29               26.4     2.6       28
DAYS MIN <= 0      4                4.2    -0.2       10

PRECIPITATION (INCHES)
RECORD
 MAXIMUM        3.12   1915
 MINIMUM        0.04   1931
TOTALS          0.30               0.67   -0.37     1.41
DAILY AVG.      0.01                NAN     NAN     0.05
DAYS >= .01        5                6.0    -1.0       11
DAYS >= .10        1                2.1    -1.1        6
DAYS >= .50        0                0.2    -0.2        0
DAYS >= 1.00       0                0.1    -0.1        0
GREATEST
 24 HR. TOTAL   0.22   02/19 TO 02/19

SNOWFALL (INCHES)
RECORDS
 TOTAL          24.5   1993
TOTALS           6.9                6.6     0.3     18.6
SINCE 7/1       26.4               26.5    -0.1       MM
SNOWDEPTH AVG.     1                                   5
DAYS >= 1.0        1                2.1    -1.1        7
GREATEST
 SNOW DEPTH        5   02/19                          13  02/27
                                                          02/26
                                                          02/25
 24 HR TOTAL     5.5   02/19 TO 02/19

DEGREE DAYS
HEATING TOTAL   1090               1118     -28     1433
 SINCE 7/1      5149               5363    -214     5672
COOLING TOTAL      0                  0       0        0
 SINCE 1/1         0                  0       0        0
................................................................

WIND (MPH)
AVERAGE WIND SPEED              10.0
HIGHEST WIND SPEED/DIRECTION    38/330    DATE  02/12
HIGHEST GUST SPEED/DIRECTION    45/320    DATE  02/12

SKY COVER
POSSIBLE SUNSHINE (PERCENT)   MM
AVERAGE SKY COVER           0.34
NUMBER OF DAYS FAIR           16
NUMBER OF DAYS PC             10
NUMBER OF DAYS CLOUDY          3

AVERAGE RH (PERCENT)     72

WEATHER CONDITIONS. NUMBER OF DAYS WITH
THUNDERSTORM              0     MIXED PRECIP               0
HEAVY RAIN                0     RAIN                       0
LIGHT RAIN                1     FREEZING RAIN              0
LT FREEZING RAIN          0     HAIL                       0
HEAVY SNOW                1     SNOW                       2
LIGHT SNOW                8     SLEET                      0
FOG                       9     FOG W/VIS <= 1/4 MILE      2
HAZE                      0

-  INDICATES NEGATIVE NUMBERS.
R  INDICATES RECORD WAS SET OR TIED.
MM INDICATES DATA IS MISSING.
T  INDICATES TRACE AMOUNT.

$$



USA.gov is the U.S. government's official web portal to all federal, state and local government web resources and services.
  • National Weather Service
  • WSO Pago Pago Weather Service Office
  • Pago Pago, AS
  • (684) 699-9130
  • Page Author: PPG Webmaster
  • Incorrect Region Format!
  • Web Master's E-mail:
  • Page last modified: Mar 10th, 2020 21:02 UTC