000
CXUS51 KBGM 011530 CCA
CLMSYR

CLIMATE REPORT...CORRECTED
NATIONAL WEATHER SERVICE BINGHAMTON NY
1130 AM EDT WED APR 1 2020

...................................

...THE SYRACUSE NY CLIMATE SUMMARY FOR THE MONTH OF MARCH 2020...

CLIMATE NORMAL PERIOD 1981 TO 2010
CLIMATE RECORD PERIOD 1902 TO 2020

WEATHER         OBSERVED          NORMAL  DEPART  LAST YEAR`S
                 VALUE   DATE(S)  VALUE   FROM    VALUE  DATE(S)
                                          NORMAL
................................................................
TEMPERATURE (F)
RECORD
 HIGH              87   03/30/1986
 LOW              -16   03/04/1950
HIGHEST            74   03/20        43      31       68  03/30
LOWEST             10   03/01        25     -15        7  03/09
AVG. MAXIMUM     49.6              43.2     6.4     41.3
AVG. MINIMUM     30.9              25.1     5.8     23.5
MEAN             40.3              34.2     6.1     32.4
DAYS MAX >= 90      0               0.0     0.0        0
DAYS MAX <= 32      0               5.4    -5.4        6
DAYS MIN <= 32     18              23.2    -5.2       25
DAYS MIN <= 0       0               0.4    -0.4        0

PRECIPITATION (INCHES)
RECORD
 MAXIMUM         6.84   1955
 MINIMUM         1.01   1981
TOTALS           3.42              2.95    0.47     1.60
DAILY AVG.       0.11              0.10    0.01     0.05
DAYS >= .01        17              15.8     1.2       16
DAYS >= .10         9               7.3     1.7        5
DAYS >= .50         3               1.9     1.1        0
DAYS >= 1.00        0               0.2    -0.2        0
GREATEST
 24 HR. TOTAL    0.89   03/23 TO 03/24

SNOWFALL (INCHES)
RECORDS
 TOTAL           54.4   1993
 24 HR TOTAL     22.1   03/13/1993 TO 03/13/1993
 SNOW DEPTH        35   03/15/1993
TOTALS            7.1              18.0   -10.9     14.8
SINCE 7/1        83.2             119.9   -36.7    112.5
SNOWDEPTH AVG.      1                 4      -3        2
DAYS >= TRACE       8               9.9    -1.9       18
DAYS >= 1.0         1               4.8    -3.8        7
GREATEST
 SNOW DEPTH         6   03/23                          8  03/07
                        03/24
 24 HR TOTAL      6.6   03/23 TO 03/24

DEGREE_DAYS
HEATING TOTAL     757               957    -200     1005
 SINCE 7/1       5210              5788    -578     5972
COOLING TOTAL       0                 0       0        0
 SINCE 1/1          0                 0       0        0
.................................................................

WIND (MPH)
AVERAGE WIND SPEED              9.2
RESULTANT WIND SPEED/DIRECTION   1/276
HIGHEST WIND SPEED/DIRECTION    38/240    DATE  03/20
HIGHEST GUST SPEED/DIRECTION    50/220    DATE  03/20

SKY COVER
POSSIBLE SUNSHINE (PERCENT)   MM
AVERAGE SKY COVER           0.80
NUMBER OF DAYS FAIR            3
NUMBER OF DAYS PC              7
NUMBER OF DAYS CLOUDY         21

AVERAGE RH (PERCENT)     64

WEATHER CONDITIONS. NUMBER OF DAYS WITH
THUNDERSTORM              1     MIXED PRECIP                0
HEAVY RAIN                2     RAIN                        6
LIGHT RAIN               17     FREEZING RAIN               0
LT FREEZING RAIN          0     HAIL                        1
HEAVY SNOW                1     SNOW                        3
LIGHT SNOW                8     SLEET                       2
FOG                      15     FOG W/VIS <= 1/4 MILE       2
HAZE                      1


-  INDICATES NEGATIVE NUMBERS.
R  INDICATES RECORD WAS SET OR TIED.
MM INDICATES DATA IS MISSING.
T  INDICATES TRACE AMOUNT.

&&
CORRECTED GREATEST 24 HOUR PRECIPITATION AND SNOWFALL
CORRECTED GREATEST SNOW DEPTH
10TH WARMEST MARCH
8TH LOWEST MARCH SNOWFALL AT AIRPORT (SINCE 1950)
$$


USA.gov is the U.S. government's official web portal to all federal, state and local government web resources and services.
  • National Weather Service
  • WSO Pago Pago Weather Service Office
  • Pago Pago, AS
  • (684) 699-9130
  • Page Author: PPG Webmaster
  • Incorrect Region Format!
  • Web Master's E-mail:
  • Page last modified: Mar 10th, 2020 21:02 UTC