000
CXUS52 KTAE 020013
CLMTLH

CLIMATE REPORT
NATIONAL WEATHER SERVICE TALLAHASSEE FL
743 AM EST SUN MAR 1 2020

...................................

...THE TALLAHASSEE CLIMATE SUMMARY FOR THE MONTH OF FEBRUARY 2020...

CLIMATE NORMAL PERIOD 1981 TO 2010
CLIMATE RECORD PERIOD 1896 TO 2020

WEATHER         OBSERVED          NORMAL  DEPART  LAST YEAR`S
                 VALUE   DATE(S)  VALUE   FROM    VALUE  DATE(S)
                                          NORMAL
................................................................
TEMPERATURE (F)
RECORD
 HIGH              89   02/28/1948
 LOW               -2   02/13/1899
HIGHEST            83   02/19                         83  02/23
                        02/13                             02/21
LOWEST             29   02/28                         33  02/14
AVG. MAXIMUM     69.0              67.5     1.5     73.5
AVG. MINIMUM     45.5              41.9     3.6     53.3
MEAN             57.3              54.7     2.6     63.4
DAYS MAX >= 90      0               0.0     0.0        0
DAYS MAX <= 32      0               0.0     0.0        0
DAYS MIN <= 32      3               5.7    -2.7        0
DAYS MIN <= 0       0               0.0     0.0        0

PRECIPITATION (INCHES)
RECORD
 MAXIMUM        12.36   2013
 MINIMUM         0.45   1911
TOTALS           5.10              4.85    0.25     1.12

SNOWFALL (INCHES)
RECORDS
 TOTAL            2.8   1958
TOTALS            0.0               0.0     0.0      0.0
SINCE 7/1         0.0               0.1    -0.1      0.0

DEGREE_DAYS
HEATING TOTAL     248               297     -49       89
 SINCE 7/1       1001              1351    -350     1003
COOLING TOTAL      33                 9      24       53
 SINCE 1/1         78                15      63       67
.................................................................

WIND (MPH)
AVERAGE WIND SPEED              6.7
RESULTANT WIND SPEED/DIRECTION   0/184
HIGHEST WIND SPEED/DIRECTION    31/270    DATE  02/13
HIGHEST GUST SPEED/DIRECTION    40/270    DATE  02/06

SKY COVER
POSSIBLE SUNSHINE (PERCENT)   MM
AVERAGE SKY COVER           0.60
NUMBER OF DAYS FAIR           10
NUMBER OF DAYS PC              5
NUMBER OF DAYS CLOUDY         14

AVERAGE RH (PERCENT)     73

-  INDICATES NEGATIVE NUMBERS.
R  INDICATES RECORD WAS SET OR TIED.
MM INDICATES DATA IS MISSING.
T  INDICATES TRACE AMOUNT.

$$



USA.gov is the U.S. government's official web portal to all federal, state and local government web resources and services.
  • National Weather Service
  • WSO Pago Pago Weather Service Office
  • Pago Pago, AS
  • (684) 699-9130
  • Page Author: PPG Webmaster
  • Incorrect Region Format!
  • Web Master's E-mail:
  • Page last modified: Mar 10th, 2020 21:02 UTC