000
CXUS51 KCLE 011554
CLMTOL


CLIMATE REPORT
NATIONAL WEATHER SERVICE CLEVELAND OH
1143 AM EDT WED APR 1 2020

...................................

...THE TOLEDO OH CLIMATE SUMMARY FOR THE MONTH OF MARCH 2020...

CLIMATE NORMAL PERIOD 1981 TO 2010
CLIMATE RECORD PERIOD 1873 TO 2020

WEATHER         OBSERVED          NORMAL  DEPART  LAST YEAR`S
                 VALUE   DATE(S)  VALUE   FROM    VALUE
                                          NORMAL
.............................................................
TEMPERATURE (F)
RECORD
 HIGH              85   03/21/2012
 LOW              -10   03/12/1948
HIGHEST            67   03/20
LOWEST             15   03/01
AVG. MAXIMUM     51.3              46.9     4.4     44.9
AVG. MINIMUM     33.6              28.3     5.3     25.8
MEAN             42.5              37.6     4.9     35.4
DAYS MAX >= 90      0               0.0     0.0        0
DAYS MAX <= 32      0               3.4    -3.4        5
DAYS MIN <= 32     14              20.2    -6.2       23
DAYS MIN <= 0       0               0.0     0.0        0

PRECIPITATION (INCHES)
RECORD
 MAXIMUM         7.99   1913
 MINIMUM         0.05   1910
TOTALS           4.06              2.48    1.58     3.53
DAYS >= .01        18              11.8     6.2       12
DAYS >= .10         9               6.6     2.4        6
DAYS >= .50         3               1.3     1.7        2
DAYS >= 1.00        1               0.3     0.7        1
GREATEST
 24 HR. TOTAL    1.18   03/28 TO 03/28              1.56

SNOWFALL (INCHES)
RECORDS
 TOTAL           17.7   1993
TOTALS            1.6               5.7    -4.1      3.8
SINCE 7/1        23.6              36.2   -12.6     25.7
DAYS >= 1.0         1               1.8    -0.8        2
GREATEST
 24 HR TOTAL      1.6   03/22 TO 03/22

DEGREE_DAYS
HEATING TOTAL     691               850    -159      911
 SINCE 7/1       4614              5426    -812     5330
COOLING TOTAL       0                 0       0        0
 SINCE 1/1          0                 0       0        0
..............................................................

WIND (MPH)
AVERAGE WIND SPEED              8.8
HIGHEST WIND SPEED/DIRECTION    43/240    DATE  03/29
HIGHEST GUST SPEED/DIRECTION    55/230    DATE  03/29

SKY COVER
AVERAGE SKY COVER           0.60

AVERAGE RH (PERCENT)     67

WEATHER CONDITIONS. NUMBER OF DAYS WITH
THUNDER 2
HAZE 8
FOG 17
DENSE FOG 2

-  INDICATES NEGATIVE NUMBERS.
R  INDICATES RECORD WAS SET OR TIED.
MM INDICATES DATA IS MISSING.
T  INDICATES TRACE AMOUNT.

$$



USA.gov is the U.S. government's official web portal to all federal, state and local government web resources and services.
  • National Weather Service
  • WSO Pago Pago Weather Service Office
  • Pago Pago, AS
  • (684) 699-9130
  • Page Author: PPG Webmaster
  • Incorrect Region Format!
  • Web Master's E-mail:
  • Page last modified: Mar 10th, 2020 21:02 UTC