000
CXUS53 KTOP 011413
CLMTOP


CLIMATE REPORT
NATIONAL WEATHER SERVICE TOPEKA KS
811 AM CST SUN MAR 1 2020

...................................

...THE TOPEKA KS CLIMATE SUMMARY FOR THE MONTH OF FEBRUARY 2020...

CLIMATE NORMAL PERIOD 1981 TO 2010
CLIMATE RECORD PERIOD 1887 TO 2020

WEATHER         OBSERVED          NORMAL  DEPART  LAST YEAR`S
                 VALUE   DATE(S)  VALUE   FROM    VALUE  DATE(S)
                                          NORMAL
................................................................
TEMPERATURE (F)
RECORD
 HIGH              83   02/24/1930
 LOW              -25   02/12/1899
HIGHEST            72   02/02        49      23       68
LOWEST              1   02/14        19     -18        6
AVG. MAXIMUM     46.6              45.0     1.6     37.3
AVG. MINIMUM     23.6              23.8    -0.2     20.2
MEAN             35.1              34.4     0.7     28.8
DAYS MAX >= 90      0               0.0     0.0        0
DAYS MAX <= 32      3               5.0    -2.0       13
DAYS MIN <= 32     24              21.5     2.5       27
DAYS MIN <= 0       0               1.2    -1.2        0

PRECIPITATION (INCHES)
RECORD
 MAXIMUM         5.59   1911
 MINIMUM         0.00   1917
TOTALS           0.82              1.32   -0.50     1.83
DAILY AVG.       0.03                MM      MM     0.07
DAYS >= .01         3               6.3    -3.3        9
DAYS >= .10         2               3.0    -1.0        5
DAYS >= .50         0               0.9    -0.9        1
DAYS >= 1.00        0               0.1    -0.1        0
GREATEST
 24 HR. TOTAL    0.40   02/24 TO 02/24              0.51

SNOWFALL (INCHES)
RECORDS
 TOTAL           27.1   1900
TOTALS            2.7               4.5    -1.8      6.5
SINCE 7/1        11.7              15.9    -4.2     23.3
SNOWDEPTH AVG.      0                                  1
DAYS >= 1.0         1               1.2    -0.2        2
GREATEST
 SNOW DEPTH         2   02/15                          4  02/20
                        02/14
                        02/13
 24 HR TOTAL      2.7   02/12 TO 02/12               3.0

DEGREE_DAYS
HEATING TOTAL     862               857       5     1008
 SINCE 7/1       3779              3993    -214     4179
COOLING TOTAL       0                 0       0        0
 SINCE 1/1          0                 0       0        0
.................................................................

WIND (MPH)
AVERAGE WIND SPEED              7.5
HIGHEST WIND SPEED/DIRECTION    29/340    DATE  02/12
HIGHEST GUST SPEED/DIRECTION    39/360    DATE  02/25

SKY COVER
POSSIBLE SUNSHINE (PERCENT)   MM
AVERAGE SKY COVER           0.30
NUMBER OF DAYS FAIR           15
NUMBER OF DAYS PC              9
NUMBER OF DAYS CLOUDY          5

AVERAGE RH (PERCENT)     62


-  INDICATES NEGATIVE NUMBERS.
R  INDICATES RECORD WAS SET OR TIED.
MM INDICATES DATA IS MISSING.
T  INDICATES TRACE AMOUNT.

REMARKS...


PRECIPITATION FOR THE MONTH WAS RATHER INFREQUENT...WITH MEASURABLE
AMOUNTS FALLING ON ONLY THREE DAYS. ONLY EIGHT OTHER FEBRUARYS ON
RECORD HAD FEWER DAYS. THE AMOUNTS THAT DID FALL ON THESE DAYS WERE
NOT HEAVY BUT ENOUGH TO BRING THE MONTH/S TOTAL TO NEAR THE AVERAGE
OF HISTORIC FEBRUARY TOTALS. IN A SIMILAR FASHION...MEASURABLE
SNOWFALL FOR THE MONTH ONLY OCCURRED ON ONE DAY...BUT THE 2.7 INCHES
THAT FELL ON FEBRUARY 12 WAS ENOUGH TO RANK THIS FEBRUARY NEAR THE
MIDDLE OF HISTORIC VALUES. NORTH WINDS BEHIND THE SYSTEM THAT
PRODUCED THE SNOW BROUGHT WIND CHILL VALUES TO AROUND -10 IN THE
EARLY MORNING HOURS OF FEBRUARY 13 AND 14. A RECORD HIGH TEMPERATURE
OF 72 DEGREES OCCURRED ON FEBRUARY 2.

$$




USA.gov is the U.S. government's official web portal to all federal, state and local government web resources and services.
  • National Weather Service
  • WSO Pago Pago Weather Service Office
  • Pago Pago, AS
  • (684) 699-9130
  • Page Author: PPG Webmaster
  • Incorrect Region Format!
  • Web Master's E-mail:
  • Page last modified: Mar 10th, 2020 21:02 UTC