000
CXUS55 KLKN 012346
CLMTPH


CLIMATE REPORT
NATIONAL WEATHER SERVICE ELKO NV
330 PM PST SUN MAR 1 2020

...................................

...THE TONOPAH AIRPORT NV CLIMATE SUMMARY FOR THE MONTH OF FEBRUARY 2020...

CLIMATE NORMAL PERIOD 1981 TO 2010
CLIMATE RECORD PERIOD 1954 TO 2020

WEATHER         OBSERVED          NORMAL  DEPART  LAST YEAR`S
                 VALUE   DATE(S)  VALUE   FROM    VALUE  DATE(S)
                                          NORMAL
................................................................
TEMPERATURE (F)
RECORD
 HIGH              75   02/25/1986
 LOW               -9   02/07/1989
HIGHEST            65   02/01        63       2       60  02/28
LOWEST             12   02/04        11       1        5  02/11
AVG. MAXIMUM     53.7              49.2     4.5     41.6
AVG. MINIMUM     25.0              24.3     0.7     20.4
MEAN             39.4              36.8     2.6     31.0
DAYS MAX >= 90      0               0.0     0.0        0
DAYS MAX <= 32      1               0.7     0.3        4
DAYS MIN <= 32     25              25.0     0.0       26
DAYS MIN <= 0       0               0.1    -0.1        0

PRECIPITATION (INCHES)
RECORD
 MAXIMUM         2.68   1968
 MINIMUM         0.00   2003
                        1995
                        1977
TOTALS           0.27              0.52   -0.25     0.45
DAILY AVG.       0.01                MM      MM     0.02
DAYS >= .01         1               4.4    -3.4        5
DAYS >= .10         1               1.9    -0.9        2
DAYS >= .50         0               0.0     0.0        0
DAYS >= 1.00        0               0.0     0.0        0
GREATEST
 24 HR. TOTAL    0.27   02/22 TO 02/22              0.23

DEGREE_DAYS
HEATING TOTAL     738               791     -53      943
 SINCE 7/1       3863              4067    -204     3852
COOLING TOTAL       0                 0       0        0
 SINCE 1/1          0                 0       0        0
.................................................................

WIND (MPH)
AVERAGE WIND SPEED              12.2
HIGHEST WIND SPEED/DIRECTION    61/320    DATE  02/02
HIGHEST GUST SPEED/DIRECTION    76/320    DATE  02/02

AVERAGE RH (PERCENT)     40

WEATHER CONDITIONS. NUMBER OF DAYS WITH
THUNDERSTORM              0     MIXED PRECIP               0
HEAVY RAIN                0     RAIN                       1
LIGHT RAIN                1     FREEZING RAIN              0
LT FREEZING RAIN          0     HAIL                       0
HEAVY SNOW                0     SNOW                       0
LIGHT SNOW                2     SLEET                      0
FOG                       1     FOG W/VIS <= 1/4 MILE      0
HAZE                      1

-  INDICATES NEGATIVE NUMBERS.
R  INDICATES RECORD WAS SET OR TIED.
MM INDICATES DATA IS MISSING.
T  INDICATES TRACE AMOUNT.

&&

=====================================================================
...FEBRUARY IN TONOPAH WAS WARMER AND DRIER THAN NORMAL...

THE AVERAGE TEMPERATURE IN TONOPAH DURING FEBRUARY 2020 WAS 39.4
DEGREES...WHICH IS 2.6 DEGREES ABOVE THE 1981-2010 CLIMATOLOGICAL
NORMAL OF 36.8 DEGREES. THIS MAKES FEBRUARY 2020 WARMER THAN USUAL
USING THE PERIOD OF RECORD FROM 1954. THE TOTAL PRECIPITATION WAS
0.27 INCHES...WHICH IS 0.25 INCHES BELOW THE 1981-2010 CLIMATOLOGICAL
NORMAL OF 0.52 INCHES. THIS MADE FEBRUARY 2020 DRIER THAN NORMAL.

$$

MG


USA.gov is the U.S. government's official web portal to all federal, state and local government web resources and services.
  • National Weather Service
  • WSO Pago Pago Weather Service Office
  • Pago Pago, AS
  • (684) 699-9130
  • Page Author: PPG Webmaster
  • Incorrect Region Format!
  • Web Master's E-mail:
  • Page last modified: Mar 10th, 2020 21:02 UTC