000
CXUS54 KMRX 011539
CLMTRI


CLIMATE REPORT
NATIONAL WEATHER SERVICE MORRISTOWN TN
1139 AM EDT WED APR 1 2020

...................................

...THE TRI-CITIES      ASOS CLIMATE SUMMARY FOR THE MONTH OF MARCH 2020...

CLIMATE NORMAL PERIOD 1981 TO 2010
CLIMATE RECORD PERIOD 1937 TO 2020

WEATHER         OBSERVED          NORMAL  DEPART
                 VALUE   DATE(S)  VALUE   FROM
                                          NORMAL
................................................
TEMPERATURE (F)
HIGHEST            82   03/28
                        03/27
LOWEST             19   03/01
AVG. MAXIMUM     64.0              59.0     5.0
AVG. MINIMUM     42.6              34.4     8.2
MEAN             53.3              46.7     6.6
DAYS MAX >= 90      0
DAYS MAX <= 32      0
DAYS MIN <= 32      4
DAYS MIN <= 0       0

PRECIPITATION (INCHES)
RECORD
 MAXIMUM         9.56   1955
 MINIMUM         0.94   2016
TOTALS           6.91              3.44    3.47
DAYS >= .01        19
DAYS >= .10        14
DAYS >= .50         6
DAYS >= 1.00        1
GREATEST
 24 HR. TOTAL    1.41   03/20 TO 03/20

SNOWFALL (INCHES)
TOTALS            0.0               1.4    -1.4
SINCE 7/1         4.9
SNOWDEPTH AVG.      0
DAYS >= TRACE       0
GREATEST
 SNOW DEPTH         0   MM

DEGREE_DAYS
HEATING TOTAL     361               568    -207
 SINCE 7/1       3160              3950    -790
COOLING TOTAL       6                 1       5
 SINCE 1/1          8                 1       7
.................................................


WEATHER CONDITIONS. NUMBER OF DAYS WITH
THUNDERSTORM              3     RAIN                      11
SNOW                      1     FOG                       20
FOG W/VIS <= 1/4 MILE     3

-  INDICATES NEGATIVE NUMBERS.
R  INDICATES RECORD WAS SET OR TIED.
MM INDICATES DATA IS MISSING.
T  INDICATES TRACE AMOUNT.

$$


USA.gov is the U.S. government's official web portal to all federal, state and local government web resources and services.
  • National Weather Service
  • WSO Pago Pago Weather Service Office
  • Pago Pago, AS
  • (684) 699-9130
  • Page Author: PPG Webmaster
  • Incorrect Region Format!
  • Web Master's E-mail:
  • Page last modified: Mar 10th, 2020 21:02 UTC