000
CXUS56 KSGX 012035
CLMTRM


CLIMATE REPORT
NATIONAL WEATHER SERVICE SAN DIEGO, CA
1234 PM PST SUN MAR 1 2020

...................................

...THE THERMAL AIRPORT CA CLIMATE SUMMARY FOR THE MONTH OF FEBRUARY 2020...

CLIMATE NORMAL PERIOD 1981 TO 2010
CLIMATE RECORD PERIOD 1950 TO 2020

WEATHER         OBSERVED          NORMAL  DEPART  LAST YEAR`S
                 VALUE   DATE(S)  VALUE   FROM    VALUE  DATE(S)
                                          NORMAL
................................................................
TEMPERATURE (F)
RECORD
 HIGH             100   02/27/1986
 LOW               19   02/03/2011
HIGHEST            87   02/24        76      11       84  02/28
LOWEST             30   02/12        43     -13       28  02/08
AVG. MAXIMUM     76.0              74.8     1.2     68.1
AVG. MINIMUM     39.6              41.3    -1.7     41.0
MEAN             57.8              58.1    -0.3     54.6
DAYS MAX >= 90      0               0.6    -0.6        0
DAYS MAX <= 32      0               0.0     0.0        0
DAYS MIN <= 32      3               3.0     0.0        3

PRECIPITATION (INCHES)
RECORD
 MAXIMUM         3.40   1980
 MINIMUM         0.00   2018
                        2016
                        2002
TOTALS              T              0.66   -0.66     1.15
DAILY AVG.          T                MM      MM     0.04
DAYS >= .01         0               3.2    -3.2        3
DAYS >= .10         0               1.6    -1.6        2
DAYS >= .50         0               0.4    -0.4        1
DAYS >= 1.00        0               0.1    -0.1        1
GREATEST
 24 HR. TOTAL       T   02/10 TO 02/10           02/14 TO 02/14
                        02/09 TO 02/09                    02/28 TO 02/28EATHER         OBSERVED          NORMAL  DEPART  LAST YEAR`S
                                                          02/28 TO 02/28EATHER         OBSERVED          NORMAL  DEPART  LAST YEAR`S
 STORM TOTAL       MM                                 MM
 (MM/DD(HH))            MM                    02/14(00) TO 02/14(00)
                                                 02/28(00) TO 02/28(00)8EATHER         OBSERVED          NORMAL  DEPART  LAST YEAR`S
                                                 02/28(00) TO 02/28(00)8EATHER         OBSERVED          NORMAL  DEPART  LAST YEAR`S

DEGREE_DAYS
HEATING TOTAL     202               205      -3      290
 SINCE 7/1        970              1070    -100      902
COOLING TOTAL       1                10      -9        3
 SINCE 1/1          1                13     -12        6

FREEZE DATES
RECORD
 EARLIEST     10/30/1971
 LATEST       04/10/1999
EARLIEST                        12/02
LATEST                          02/06
.................................................................

WIND (MPH)
AVERAGE WIND SPEED              5.6
RESULTANT WIND SPEED/DIRECTION   2/333
HIGHEST WIND SPEED/DIRECTION    26/310    DATE  02/11
HIGHEST GUST SPEED/DIRECTION    41/310    DATE  02/11

SKY COVER
POSSIBLE SUNSHINE (PERCENT)   MM
AVERAGE SKY COVER           0.10
NUMBER OF DAYS FAIR           26
NUMBER OF DAYS PC              2
NUMBER OF DAYS CLOUDY          1

AVERAGE RH (PERCENT)     41

WEATHER CONDITIONS. NUMBER OF DAYS WITH
  0
  0
  0
  0
  0
  0
  0
HAZE                      6

-  INDICATES NEGATIVE NUMBERS.
R  INDICATES RECORD WAS SET OR TIED.
MM INDICATES DATA IS MISSING.
T  INDICATES TRACE AMOUNT.

$$


USA.gov is the U.S. government's official web portal to all federal, state and local government web resources and services.
  • National Weather Service
  • WSO Pago Pago Weather Service Office
  • Pago Pago, AS
  • (684) 699-9130
  • Page Author: PPG Webmaster
  • Incorrect Region Format!
  • Web Master's E-mail:
  • Page last modified: Mar 10th, 2020 21:02 UTC