000
CXUS51 KPHI 011556
CLMTTN

CLIMATE REPORT
NATIONAL WEATHER SERVICE MOUNT HOLLY NJ
1156 AM EDT WED APR 01 2020

...................................

...THE TRENTON NJ CLIMATE SUMMARY FOR THE MONTH OF MARCH 2020...

CLIMATE NORMAL PERIOD: 1981 TO 2010
CLIMATE RECORD PERIOD: 1865 TO 2020

WEATHER         OBSERVED          NORMAL  DEPART   LAST YEAR`S
                VALUE   DATE(S)   VALUE   FROM     VALUE
                                          NORMAL
..............................................................
TEMPERATURE (F)
RECORD
 HIGH             87   03/30/1998
 LOW               1   03/10/1984
                       03/04/1868
HIGHEST           78                 MM      MM       76
LOWEST            22                 MM      MM       15
AVG. MAXIMUM    55.3               50.9     4.4     49.2
AVG. MINIMUM    37.5               31.9     5.6     31.3
MEAN            46.4               41.4     5.0     40.2
DAYS MAX >= 90     0                0.0     0.0        0
DAYS MAX <= 32     0                1.0    -1.0        3
DAYS MIN <= 32     8               15.6    -7.6       17
DAYS MIN <= 0      0                0.0     0.0        0

PRECIPITATION (INCHES)
RECORD
 MAXIMUM        8.86   1899
 MINIMUM        0.83   1927
TOTALS          3.69               4.14   -0.45     3.26
DAILY AVG.      0.12               0.13   -0.01     0.11
DAYS >= .01       15                 MM      MM       10
DAYS >= .10        7                 MM      MM        7
DAYS >= .50        3                 MM      MM        2
DAYS >= 1.00       0                 MM      MM        1
GREATEST
 24 HR. TOTAL   0.88   03/18 TO 03/19               1.07


DEGREE DAYS
HEATING TOTAL    569                732    -163      758
 SINCE 7/1      4043               4546    -503     4331
COOLING TOTAL      0                  0       0        0
 SINCE 1/1         0                  0       0        0
..............................................................

WIND (MPH)
AVERAGE WIND SPEED              7.7
HIGHEST WIND SPEED/DIRECTION    26/270    DATE  03/03
HIGHEST GUST SPEED/DIRECTION    40/270    DATE  03/03

SKY COVER
POSSIBLE SUNSHINE (PERCENT)   MM
AVERAGE SKY COVER           0.49
NUMBER OF DAYS FAIR           12
NUMBER OF DAYS PC             10
NUMBER OF DAYS CLOUDY          9

AVERAGE RH (PERCENT)     64

WEATHER CONDITIONS. NUMBER OF DAYS WITH
THUNDERSTORM              1     MIXED PRECIP               0
HEAVY RAIN                4     RAIN                       5
LIGHT RAIN               21     FREEZING RAIN              0
LT FREEZING RAIN          0     HEAVY SNOW                 0
SNOW                      0     LIGHT SNOW                 0
SLEET                     0     FOG                       13
FOG W/VIS <= 1/4 MILE     3     HAZE                       1

-  INDICATES NEGATIVE NUMBERS.
R  INDICATES RECORD WAS SET OR TIED.
MM INDICATES DATA IS MISSING.
T  INDICATES TRACE AMOUNT.

$$


USA.gov is the U.S. government's official web portal to all federal, state and local government web resources and services.
  • National Weather Service
  • WSO Pago Pago Weather Service Office
  • Pago Pago, AS
  • (684) 699-9130
  • Page Author: PPG Webmaster
  • Incorrect Region Format!
  • Web Master's E-mail:
  • Page last modified: Mar 10th, 2020 21:02 UTC