000
CXUS54 KMEG 020256
CLMTUP


CLIMATE REPORT
NATIONAL WEATHER SERVICE MEMPHIS TN
854 PM CST SUN MAR 1 2020

...................................

...THE TUPELO CLIMATE SUMMARY FOR THE MONTH OF FEBRUARY 2020...

CLIMATE NORMAL PERIOD 1981 TO 2010
CLIMATE RECORD PERIOD 1930 TO 2020

WEATHER         OBSERVED          NORMAL  DEPART  LAST YEAR`S
                 VALUE   DATE(S)  VALUE   FROM    VALUE  DATE(S)
                                          NORMAL
................................................................
TEMPERATURE (F)
RECORD
 HIGH              84   02/23/1996
 LOW               -3   02/01/1936
HIGHEST            76   02/03        55      21       80  02/07
LOWEST             24   02/22        34     -10       28  02/08
AVG. MAXIMUM     58.4              56.6     1.8     61.2
AVG. MINIMUM     38.2              35.3     2.9     41.9
MEAN             48.3              45.9     2.4     51.6
DAYS MAX >= 90      0               0.0     0.0        0
DAYS MAX <= 32      0               0.5    -0.5        0
DAYS MIN <= 32      6              10.9    -4.9        4
DAYS MIN <= 0       0               0.0     0.0        0

PRECIPITATION (INCHES)
RECORD
 MAXIMUM        15.61   2019
 MINIMUM         1.20   1978
TOTALS          10.66              4.96    5.70    15.61
DAILY AVG.       0.37                MM      MM     0.56
DAYS >= .01        14              10.1     3.9       18
DAYS >= .10        11               6.8     4.2       10
DAYS >= .50         5               3.4     1.6        8
DAYS >= 1.00        4               1.6     2.4        5
GREATEST
 24 HR. TOTAL    2.86   02/10 TO 02/10

SNOWFALL (INCHES)
RECORDS
 TOTAL            7.3   2015
TOTALS              T               0.6    -0.6      0.0
SINCE 7/1         0.1               1.8    -1.7        T
SNOWDEPTH AVG.      0                MM      MM        0
DAYS >= 1.0         0               0.3    -0.3        0
GREATEST
 SNOW DEPTH         0   MM                             0  MM
 24 HR TOTAL        T   02/06 TO 02/06

DEGREE_DAYS
HEATING TOTAL     478               535     -57      380
 SINCE 7/1       2054              2446    -392     2219
COOLING TOTAL       0                 1      -1       10
 SINCE 1/1          2                 2       0       10
.................................................................

WIND (MPH)
AVERAGE WIND SPEED              7.4
HIGHEST WIND SPEED/DIRECTION    28/180    DATE  02/09
HIGHEST GUST SPEED/DIRECTION    34/190    DATE  02/09

SKY COVER
POSSIBLE SUNSHINE (PERCENT)   MM
AVERAGE SKY COVER           0.60
NUMBER OF DAYS FAIR            9
NUMBER OF DAYS PC              6
NUMBER OF DAYS CLOUDY         14

AVERAGE RH (PERCENT)     68

WEATHER CONDITIONS. NUMBER OF DAYS WITH
  0
  9
  0
  0
  0
  1
  1
HAZE                      5

-  INDICATES NEGATIVE NUMBERS.
R  INDICATES RECORD WAS SET OR TIED.
MM INDICATES DATA IS MISSING.
T  INDICATES TRACE AMOUNT.

$$


USA.gov is the U.S. government's official web portal to all federal, state and local government web resources and services.
  • National Weather Service
  • WSO Pago Pago Weather Service Office
  • Pago Pago, AS
  • (684) 699-9130
  • Page Author: PPG Webmaster
  • Incorrect Region Format!
  • Web Master's E-mail:
  • Page last modified: Mar 10th, 2020 21:02 UTC