000
CXUS54 KMEG 040038
CLMTUP


CLIMATE REPORT
NATIONAL WEATHER SERVICE MEMPHIS TN
737 PM CDT SAT OCT 3 2020

...................................

...THE TUPELO CLIMATE SUMMARY FOR THE MONTH OF SEPTEMBER 2020...

CLIMATE NORMAL PERIOD 1981 TO 2010
CLIMATE RECORD PERIOD 1930 TO 2020

WEATHER         OBSERVED          NORMAL  DEPART  LAST YEAR`S
                 VALUE   DATE(S)  VALUE   FROM    VALUE  DATE(S)
                                          NORMAL
................................................................
TEMPERATURE (F)
RECORD
 HIGH             104   09/16/1980
 LOW               35   09/24/1983
HIGHEST            93   09/12        85       8       99  09/18
                        09/11                             09/17
                        09/02
LOWEST             50   09/30        63     -13       62  09/21
AVG. MAXIMUM     83.7              85.5    -1.8     94.2
AVG. MINIMUM     65.9              62.8     3.1     69.5
MEAN             74.8              74.1     0.7     81.9
DAYS MAX >= 90     11               7.9     3.1       28
DAYS MAX <= 32      0               0.0     0.0        0
DAYS MIN <= 32      0               0.0     0.0        0
DAYS MIN <= 0       0               0.0     0.0        0

PRECIPITATION (INCHES)
RECORD
 MAXIMUM        10.65   2002
 MINIMUM         0.01   2019
TOTALS           3.94              3.44    0.50     0.01
DAILY AVG.       0.13              0.11    0.02     0.00
DAYS >= .01         8               6.5     1.5        1
DAYS >= .10         5               4.4     0.6        0
DAYS >= .50         2               2.0     0.0        0
DAYS >= 1.00        1               1.1    -0.1        0
GREATEST
 24 HR. TOTAL    1.90   09/23 TO 09/23

SNOWFALL (INCHES)
RECORDS
 TOTAL            0.0   2002
                        2001
TOTALS            0.0               0.0     0.0      0.0
SINCE 7/1         0.0               0.0     0.0      0.0
SNOWDEPTH AVG.      0                MM      MM        0
DAYS >= 1.0         0               0.0     0.0        0
GREATEST
 SNOW DEPTH         0   MM                             0  MM
 24 HR TOTAL      0.0   09/30 TO 09/30

DEGREE_DAYS
HEATING TOTAL       4                12      -8        0
 SINCE 7/1          4                12      -8        0
COOLING TOTAL     307               286      21      515
 SINCE 1/1       2095              1958     137     2348
.................................................................

WIND (MPH)
AVERAGE WIND SPEED              5.9
HIGHEST WIND SPEED/DIRECTION    22/360    DATE  09/17
HIGHEST GUST SPEED/DIRECTION    26/020    DATE  09/17

SKY COVER
POSSIBLE SUNSHINE (PERCENT)   MM
AVERAGE SKY COVER           0.30
NUMBER OF DAYS FAIR           21
NUMBER OF DAYS PC              5
NUMBER OF DAYS CLOUDY          4

AVERAGE RH (PERCENT)     73

WEATHER CONDITIONS. NUMBER OF DAYS WITH
  0
  5
  0
  0
  0
  0
  1
HAZE                      2

-  INDICATES NEGATIVE NUMBERS.
R  INDICATES RECORD WAS SET OR TIED.
MM INDICATES DATA IS MISSING.
T  INDICATES TRACE AMOUNT.

$$



USA.gov is the U.S. government's official web portal to all federal, state and local government web resources and services.
  • National Weather Service
  • WSO Pago Pago Weather Service Office
  • Pago Pago, AS
  • (684) 699-9130
  • Page Author: PPG Webmaster
  • Incorrect Region Format!
  • Web Master's E-mail:
  • Page last modified: Mar 10th, 2020 21:02 UTC