000
CXUS55 KTWC 040151
CLMTUS

CLIMATE REPORT
NATIONAL WEATHER SERVICE TUCSON AZ
651 PM MST FRI APR 03 2020

...................................

...THE TUCSON AZ CLIMATE SUMMARY FOR THE MONTH OF MARCH 2020...

CLIMATE NORMAL PERIOD 1981 TO 2010
CLIMATE RECORD PERIOD 1895 TO 2020

WEATHER         OBSERVED          NORMAL  DEPART   LAST YEAR`S
                VALUE   DATE(S)   VALUE   FROM     VALUE
                                          NORMAL
..............................................................
TEMPERATURE (F)
RECORD
 HIGH             99   03/26/1988
 LOW              20   03/04/1965
HIGHEST           84   03/25         87      -3
LOWEST            36   03/28         34       2
AVG. MAXIMUM    73.0               74.1    -1.1
AVG. MINIMUM    48.8               46.2     2.6
MEAN            60.9               60.1     0.8
DAYS MAX >= 90     0                0.6    -0.6        0
DAYS MAX >= 100    0                                   0
DAYS MIN <= 32     0                0.3    -0.3        0
DAYS MIN >= 80     0                                   0

PRECIPITATION (INCHES)
RECORD
 MAXIMUM        3.88   1905
 MINIMUM        0.00   1984
TOTALS          0.70               0.73   -0.03     0.62
DAILY AVG.      0.02               0.02   -0.00     0.02
DAYS >= .01        7                3.9     3.1        1
DAYS >= .10        3                2.1     0.9        1
DAYS >= .50        0                0.5    -0.5        1
DAYS >= 1.00       0                0.0     0.0        0
GREATEST
 24 HR. TOTAL   0.30   03/18 TO 03/19               0.62


DEGREE DAYS
HEATING TOTAL    137                179     -42
 SINCE 7/1      1236               1446    -210
COOLING TOTAL     14                 29     -15
 SINCE 1/1        14                 33     -19
..............................................................

WIND (MPH)
AVERAGE WIND SPEED              6.8
HIGHEST WIND SPEED/DIRECTION    33/190    DATE  03/18
HIGHEST GUST SPEED/DIRECTION    44/190    DATE  03/18

SKY COVER
POSSIBLE SUNSHINE (PERCENT)   MM
AVERAGE SKY COVER           0.15
NUMBER OF DAYS FAIR           21
NUMBER OF DAYS PC              6
NUMBER OF DAYS CLOUDY          0

AVERAGE RH (PERCENT)     43

WEATHER CONDITIONS. NUMBER OF DAYS WITH
THUNDERSTORM              0     MIXED PRECIP               0
HEAVY RAIN                1     RAIN                       1
LIGHT RAIN                7     FREEZING RAIN              0
LT FREEZING RAIN          0     HAIL                       0
HEAVY SNOW                0     SLEET                      0
FOG                       3     FOG W/VIS <= 1/4 MILE      0
HAZE                      1

-  INDICATES NEGATIVE NUMBERS.
R  INDICATES RECORD WAS SET OR TIED.
MM INDICATES DATA IS MISSING.
T  INDICATES TRACE AMOUNT.

$$


USA.gov is the U.S. government's official web portal to all federal, state and local government web resources and services.
  • National Weather Service
  • WSO Pago Pago Weather Service Office
  • Pago Pago, AS
  • (684) 699-9130
  • Page Author: PPG Webmaster
  • Incorrect Region Format!
  • Web Master's E-mail:
  • Page last modified: Mar 10th, 2020 21:02 UTC