000
CXUS55 KREV 011449
CLMTVL

CLIMATE REPORT
NATIONAL WEATHER SERVICE RENO NV
749 AM PDT WED APR 01 2020

...................................

...THE SOUTH LAKE TAHOE CA CLIMATE SUMMARY FOR THE MONTH OF MARCH 2020...

THE AVERAGE TEMPERATURE FOR MARCH 2020 AT THE SOUTH LAKE TAHOE
AIRPORT WAS 32.5 DEGREES WHICH IS 3.0 DEGREES BELOW NORMAL. THE
HIGHEST TEMPERATURE FOR MARCH WAS 61 DEGREES WHICH OCCURRED ON THE
5TH. THE LOWEST TEMPERATURE FOR THE MONTH WAS 4 DEGREES WHICH
OCCURRED ON THE 27TH.

FOR MARCH 2020, 2.25 INCHES OF PRECIPITATION WAS RECORDED AT THE
SOUTH LAKE TAHOE AIRPORT. THIS IS 0.62 INCHES BELOW NORMAL.

THE AVERAGE WIND SPEED FOR MARCH 2020 WAS 6.2 MPH. THE PEAK WIND
GUST FOR THE MONTH WAS 55 MPH FROM THE SOUTH ON THE 13TH.


CLIMATE NORMAL PERIOD 1981 TO 2010
CLIMATE RECORD PERIOD 1968 TO 2020

WEATHER         OBSERVED          NORMAL  DEPART   LAST YEAR`S
                VALUE   DATE(S)   VALUE   FROM     VALUE
                                          NORMAL
..............................................................
TEMPERATURE (F)
RECORD
 HIGH             71   03/30/2015
 LOW             -10   03/02/1971
HIGHEST           61   03/05         70      -9
LOWEST             4   03/27        -10      14
AVG. MAXIMUM    43.5               48.5    -5.0
AVG. MINIMUM    21.5               22.5    -1.0
MEAN            32.5               35.5    -3.0
DAYS MAX >= 90     0                0.0     0.0
DAYS MAX <= 32     4                1.0     3.0
DAYS MIN <= 32    30               28.3     1.7
DAYS MIN <= 0      0                0.2    -0.2

PRECIPITATION (INCHES)
RECORD
 MAXIMUM        6.78   2018
 MINIMUM        0.15   2015
TOTALS          2.25
DAILY AVG.      0.07               0.09   -0.02
DAYS >= .01       13                 MM      MM
DAYS >= .10        6                 MM      MM
DAYS >= .50        2                 MM      MM
DAYS >= 1.00       0                 MM      MM
GREATEST
 24 HR. TOTAL   0.71   03/15 TO 03/16
 STORM TOTAL    0.60
 (MM/DD(HH))


DEGREE DAYS
HEATING TOTAL   1000                915      85
 SINCE 7/1      5998               6153    -155
COOLING TOTAL      0                  0       0
 SINCE 1/1         0                  0       0
..............................................................

WIND (MPH)
AVERAGE WIND SPEED              6.2
HIGHEST WIND SPEED/DIRECTION    33/190    DATE  03/13
HIGHEST GUST SPEED/DIRECTION    55/190    DATE  03/13

AVERAGE RH (PERCENT)     67

WEATHER CONDITIONS. NUMBER OF DAYS WITH
THUNDERSTORM              0     MIXED PRECIP               0
HEAVY RAIN                0     RAIN                       0
LIGHT RAIN                3     FREEZING RAIN              0
LT FREEZING RAIN          0     HAIL                       0
HEAVY SNOW                6     SNOW                       9
LIGHT SNOW               15     SLEET                      0
FOG                      19     FOG W/VIS <= 1/4 MILE      6
HAZE                      7

-  INDICATES NEGATIVE NUMBERS.
R  INDICATES RECORD WAS SET OR TIED.
MM INDICATES DATA IS MISSING.
T  INDICATES TRACE AMOUNT.

$$


USA.gov is the U.S. government's official web portal to all federal, state and local government web resources and services.
  • National Weather Service
  • WSO Pago Pago Weather Service Office
  • Pago Pago, AS
  • (684) 699-9130
  • Page Author: PPG Webmaster
  • Incorrect Region Format!
  • Web Master's E-mail:
  • Page last modified: Mar 10th, 2020 21:02 UTC