000
CXUS54 KJAN 011626
CLMTVR


CLIMATE REPORT
NATIONAL WEATHER SERVICE JACKSON MS
1047 AM CDT WED APR 1 2020

...................................

...THE VICKSBURG CLIMATE SUMMARY FOR THE MONTH OF MARCH 2020...

CLIMATE NORMAL PERIOD 1981 TO 2010
CLIMATE RECORD PERIOD 1948 TO 2020

WEATHER         OBSERVED          NORMAL  DEPART  LAST YEAR`S
                 VALUE   DATE(S)  VALUE   FROM    VALUE
                                          NORMAL
.............................................................
TEMPERATURE (F)
RECORD
 HIGH              89   03/19/1982
 LOW               11   03/03/1980
HIGHEST            88   03/27        MM      MM       79
                        03/26
LOWEST             44   03/08        MM      MM       29
AVG. MAXIMUM     75.2              68.4     6.8     65.3
AVG. MINIMUM     58.3              46.0    12.3     46.0
MEAN             66.7              57.2     9.5     55.6
DAYS MAX >= 90      0               0.0     0.0        0
DAYS MAX <= 32      0               0.0     0.0        0
DAYS MIN <= 32      0               1.7    -1.7        3
DAYS MIN <= 0       0               0.0     0.0        0

PRECIPITATION (INCHES)
RECORD
 MAXIMUM        14.11   1961
 MINIMUM         0.48   2007
TOTALS           5.60              5.03    0.57     2.58
DAILY AVG.       0.18              0.16    0.02     0.08
DAYS >= .01        13                MM      MM        8
DAYS >= .10         9                MM      MM        6
DAYS >= .50         4                MM      MM        3
DAYS >= 1.00        3                MM      MM        0
GREATEST
 24 HR. TOTAL    1.42   03/04 TO 03/04              0.69

SNOWFALL (INCHES)
TOTALS            0.0

DEGREE_DAYS
HEATING TOTAL      60               265    -205      300
 SINCE 7/1       1585              2241    -656     2051
COOLING TOTAL     119                23      96       19
 SINCE 1/1        133                32     101       36
..............................................................

WIND (MPH)
AVERAGE WIND SPEED              6.9
HIGHEST WIND SPEED/DIRECTION    24/030    DATE  03/05
HIGHEST GUST SPEED/DIRECTION    38/110    DATE  03/04

SKY COVER
POSSIBLE SUNSHINE (PERCENT)   MM
AVERAGE SKY COVER           0.50
NUMBER OF DAYS FAIR           11
NUMBER OF DAYS PC             16
NUMBER OF DAYS CLOUDY          4

AVERAGE RH (PERCENT)     72

WEATHER CONDITIONS. NUMBER OF DAYS WITH
THUNDERSTORM             3   MIXED PRECIP               0
HEAVY RAIN               7   RAIN                       8
LIGHT RAIN              18   FREEZING RAIN              0
LT FREEZING RAIN         0   HAIL                       0
HEAVY SNOW               0   SNOW                       0
LIGHT SNOW               0   SLEET                      0
FOG                     14   FOG W/VIS <= 1/4 MILE      0
HAZE                     5

-  INDICATES NEGATIVE NUMBERS.
R  INDICATES RECORD WAS SET OR TIED.
MM INDICATES DATA IS MISSING.
T  INDICATES TRACE AMOUNT.

$$



USA.gov is the U.S. government's official web portal to all federal, state and local government web resources and services.
  • National Weather Service
  • WSO Pago Pago Weather Service Office
  • Pago Pago, AS
  • (684) 699-9130
  • Page Author: PPG Webmaster
  • Incorrect Region Format!
  • Web Master's E-mail:
  • Page last modified: Mar 10th, 2020 21:02 UTC