000
CXUS54 KMRX 011539
CLMTYS


CLIMATE REPORT
NATIONAL WEATHER SERVICE MORRISTOWN TN
1139 AM EDT WED APR 1 2020

...................................

...THE KNOXVILLE    ASOS CLIMATE SUMMARY FOR THE MONTH OF MARCH 2020...

CLIMATE NORMAL PERIOD 1981 TO 2010
CLIMATE RECORD PERIOD 1871 TO 2020

WEATHER         OBSERVED          NORMAL  DEPART
                 VALUE   DATE(S)  VALUE   FROM
                                          NORMAL
................................................
TEMPERATURE (F)
HIGHEST            82   03/27
LOWEST             24   03/01
AVG. MAXIMUM     65.4              61.4     4.0
AVG. MINIMUM     48.3              39.2     9.1
MEAN             56.9              50.3     6.6
DAYS MAX >= 90      0
DAYS MAX <= 32      0
DAYS MIN <= 32      2
DAYS MIN <= 0       0

PRECIPITATION (INCHES)
RECORD
 MAXIMUM        13.35   1917
 MINIMUM         0.72   1910
TOTALS           7.29              4.34    2.95
DAYS >= .01        15
DAYS >= .10        11
DAYS >= .50         7
DAYS >= 1.00        2
GREATEST
 24 HR. TOTAL    1.68   03/20 TO 03/20

SNOWFALL (INCHES)
TOTALS            0.0               0.9    -0.9
SINCE 7/1         3.7
SNOWDEPTH AVG.      0
DAYS >= TRACE       0
GREATEST
 SNOW DEPTH         0   MM

DEGREE_DAYS
HEATING TOTAL     267               461    -194
 SINCE 7/1       2667              3357    -690
COOLING TOTAL      24                 5      19
 SINCE 1/1         27                 5      22
.................................................


WEATHER CONDITIONS. NUMBER OF DAYS WITH
THUNDERSTORM              4     RAIN                      10
SNOW                      0     FOG                       18
FOG W/VIS <= 1/4 MILE     2

-  INDICATES NEGATIVE NUMBERS.
R  INDICATES RECORD WAS SET OR TIED.
MM INDICATES DATA IS MISSING.
T  INDICATES TRACE AMOUNT.

$$


USA.gov is the U.S. government's official web portal to all federal, state and local government web resources and services.
  • National Weather Service
  • WSO Pago Pago Weather Service Office
  • Pago Pago, AS
  • (684) 699-9130
  • Page Author: PPG Webmaster
  • Incorrect Region Format!
  • Web Master's E-mail:
  • Page last modified: Mar 10th, 2020 21:02 UTC