000
CXUS53 KLOT 011441
CLMUGN


CLIMATE REPORT
NATIONAL WEATHER SERVICE CHICAGO IL
822 AM CST SUN MAR 1 2020

...................................

...THE WAUKEGAN   CLIMATE SUMMARY FOR THE MONTH OF FEBRUARY 2020...

CLIMATE NORMAL PERIOD 1981 TO 2010
CLIMATE RECORD PERIOD 2000 TO 2020

WEATHER         OBSERVED          NORMAL  DEPART  LAST YEAR`S
                 VALUE   DATE(S)  VALUE   FROM    VALUE
                                          NORMAL
.............................................................
TEMPERATURE (F)
RECORD
 HIGH              68   02/22/2017
 LOW              -14   02/19/2015
HIGHEST            54   02/23        MM      MM       50
LOWEST             -5   02/14        MM      MM       -2
AVG. MAXIMUM     35.0              33.5     1.5     31.8
AVG. MINIMUM     20.0              18.3     1.7     16.1
MEAN             27.5              25.9     1.6     24.0

PRECIPITATION (INCHES)
RECORD
 MAXIMUM         3.76   2019
 MINIMUM            T   2015
TOTALS           0.41              1.66   -1.25     3.76

DEGREE_DAYS
HEATING TOTAL    1078              1095     -17     1141
 SINCE 7/1       4614              4981    -367     5031
COOLING TOTAL       0                 0       0        0
 SINCE 1/1          0                 0       0        0
..............................................................

WIND (MPH)
AVERAGE WIND SPEED              9.1
HIGHEST WIND SPEED/DIRECTION    26/220    DATE  02/21
HIGHEST GUST SPEED/DIRECTION    42/040    DATE  02/25

AVERAGE RH (PERCENT)     63


-  INDICATES NEGATIVE NUMBERS.
R  INDICATES RECORD WAS SET OR TIED.
MM INDICATES DATA IS MISSING.
T  INDICATES TRACE AMOUNT.

$$


USA.gov is the U.S. government's official web portal to all federal, state and local government web resources and services.
  • National Weather Service
  • WSO Pago Pago Weather Service Office
  • Pago Pago, AS
  • (684) 699-9130
  • Page Author: PPG Webmaster
  • Incorrect Region Format!
  • Web Master's E-mail:
  • Page last modified: Mar 10th, 2020 21:02 UTC