000
CXUS56 KSEW 030348 CCB
CLMUIL

CLIMATE REPORT...CORRECTED
NATIONAL WEATHER SERVICE SEATTLE WA
748 PM PST MON MAR 2 2020

...................................

...THE QUILLAYUTE WA AIRPORT CLIMATE SUMMARY FOR THE MONTH OF FEBRUARY 2020...

CLIMATE NORMAL PERIOD 1981 TO 2010
CLIMATE RECORD PERIOD 1966 TO 2020

WEATHER         OBSERVED          NORMAL  DEPART  LAST YEAR`S
                 VALUE   DATE(S)  VALUE   FROM    VALUE  DATE(S)
                                          NORMAL
................................................................
TEMPERATURE (F)
RECORD
 HIGH              73   02/09/2016
                        02/26/1992
                        02/28/1990
 LOW               11   02/02/1989
HIGHEST            58   02/20        MM      MM       49  02/28
                                                          02/17
LOWEST             25   02/18        MM      MM       18  02/06
AVG. MAXIMUM     48.4              49.1    -0.7     41.8
AVG. MINIMUM     34.5              35.2    -0.7     28.2
MEAN             41.4              42.1    -0.7     35.0
DAYS MAX >= 90      0               0.0     0.0        0
DAYS MAX <= 32      0               0.1    -0.1        1
DAYS MIN <= 32     11               9.9     1.1       23
DAYS MIN <= 0       0               0.0     0.0        0

PRECIPITATION (INCHES)
RECORD
 MAXIMUM        26.20   1999
 MINIMUM         0.87   1993
TOTALS           9.91             10.35   -0.44     6.04
DAILY AVG.       0.34                MM      MM     0.22
DAYS >= .01        20              18.4     1.6       20
DAYS >= .10        14              14.5    -0.5        9
DAYS >= .50         7               7.2    -0.2        5
DAYS >= 1.00        4               3.1     0.9        1
GREATEST
 24 HR. TOTAL    4.01   01/31 TO 02/01
                        02/01 TO 02/02
                        02/02 TO 02/03

DEGREE_DAYS
HEATING TOTAL     675               640      35      832
 SINCE 7/1       3579              3867    -288     3728
COOLING TOTAL       0                 0       0        0
 SINCE 1/1          0                 0       0        0
.................................................................

WIND (MPH)
AVERAGE WIND SPEED              5.3
HIGHEST WIND SPEED/DIRECTION    36/250    DATE  02/07
HIGHEST GUST SPEED/DIRECTION    51/260    DATE  02/07

SKY COVER
POSSIBLE SUNSHINE (PERCENT)   MM
AVERAGE SKY COVER           0.70
NUMBER OF DAYS FAIR            5
NUMBER OF DAYS PC              7
NUMBER OF DAYS CLOUDY         13

AVERAGE RH (PERCENT)     84

WEATHER CONDITIONS. NUMBER OF DAYS WITH
  0
  9
  0
  0
  0
  0
  2
HAZE                      1

-  INDICATES NEGATIVE NUMBERS.
R  INDICATES RECORD WAS SET OR TIED.
MM INDICATES DATA IS MISSING.
T  INDICATES TRACE AMOUNT.

$$



USA.gov is the U.S. government's official web portal to all federal, state and local government web resources and services.
  • National Weather Service
  • WSO Pago Pago Weather Service Office
  • Pago Pago, AS
  • (684) 699-9130
  • Page Author: PPG Webmaster
  • Incorrect Region Format!
  • Web Master's E-mail:
  • Page last modified: Mar 10th, 2020 21:02 UTC