000
CXUS53 KLSX 011843
CLMUIN

CLIMATE REPORT
NATIONAL WEATHER SERVICE ST LOUIS MO
143 PM CDT WED APR 01 2020

...................................

...THE QUINCY IL CLIMATE SUMMARY FOR THE MONTH OF MARCH 2020...

CLIMATE NORMAL PERIOD 1981 TO 2010
CLIMATE RECORD PERIOD 1901 TO 2020

WEATHER         OBSERVED          NORMAL  DEPART   LAST YEAR`S
                VALUE   DATE(S)   VALUE   FROM     VALUE
                                          NORMAL
..............................................................
TEMPERATURE (F)
RECORD
 HIGH             88   03/21/1907
 LOW             -13   03/05/1960
HIGHEST           73   03/28                          70
LOWEST            29   03/07                          -2
AVG. MAXIMUM    54.1               51.4     2.7     46.9
AVG. MINIMUM    37.3               32.4     4.9     29.4
MEAN            45.7               41.9     3.8     38.1
DAYS MAX >= 90     0                0.0     0.0        0
DAYS MAX <= 32     0                1.7    -1.7        4
DAYS MIN <= 32     8               15.7    -7.7       20
DAYS MIN <= 0      0                0.1    -0.1        1

PRECIPITATION (INCHES)
RECORD
 MAXIMUM       11.45   1973
 MINIMUM        0.15   1910
TOTALS          3.12               2.46    0.66     4.31
DAILY AVG.      0.10               0.08    0.02     0.14
DAYS >= .01        9               10.1    -1.1       11
DAYS >= .10        9                5.9     3.1        7
DAYS >= .50        1                1.4    -0.4        4
DAYS >= 1.00       0                0.4    -0.4        1
GREATEST
 24 HR. TOTAL   0.94   03/09


DEGREE DAYS
HEATING TOTAL    592                718    -126      825
 SINCE 7/1      4743               5061    -318     5316
COOLING TOTAL      0                  2      -2        0
 SINCE 1/1         0                  2      -2        0
..............................................................

WIND (MPH)
HIGHEST WIND SPEED/DIRECTION    35/310    DATE  03/05
HIGHEST GUST SPEED/DIRECTION    48/330    DATE  03/05

SKY COVER
NUMBER OF DAYS FAIR           11
NUMBER OF DAYS PC             10
NUMBER OF DAYS CLOUDY         10


WEATHER CONDITIONS. NUMBER OF DAYS WITH
THUNDERSTORM              3     MIXED PRECIP               0
HEAVY RAIN                1     RAIN                       8
LIGHT RAIN               13     FREEZING RAIN              0
LT FREEZING RAIN          0     HAIL                       0
HEAVY SNOW                0     SNOW                       0
LIGHT SNOW                2     SLEET                      0
FOG                      19     FOG W/VIS <= 1/4 MILE      5
HAZE                      6

-  INDICATES NEGATIVE NUMBERS.
R  INDICATES RECORD WAS SET OR TIED.
MM INDICATES DATA IS MISSING.
T  INDICATES TRACE AMOUNT.

$$


...MONTHLY...

TIED 7TH LEAST OCCURRENCES WITH A MINIMUM TEMPERATURE LESS THAN OR EQUAL
TO FREEZING (8 DAYS).

TIED 9TH MOST OCCURRENCES WITH AT LEAST A TENTH OF AN INCH OF PRECIPITATION
(9 DAYS).


...DAILY...

NO RECORDS OF NOTE.


USA.gov is the U.S. government's official web portal to all federal, state and local government web resources and services.
  • National Weather Service
  • WSO Pago Pago Weather Service Office
  • Pago Pago, AS
  • (684) 699-9130
  • Page Author: PPG Webmaster
  • Incorrect Region Format!
  • Web Master's E-mail:
  • Page last modified: Mar 10th, 2020 21:02 UTC