000
CXUS53 KSGF 011123 CCA
CLMUNO

STLCLMUNO 000
TTAA00 KSGF 011052


CLIMATE REPORT
NATIONAL WEATHER SERVICE SPRINGFIELD MO
551 AM CDT THU AUG 1 2019

...................................

...THE WEST PLAINS CLIMATE SUMMARY FOR THE MONTH OF JULY 2019...

CLIMATE NORMAL PERIOD 1981 TO 2010
CLIMATE RECORD PERIOD 1947 TO 2019

WEATHER         OBSERVED          NORMAL  DEPART
                 VALUE   DATE(S)  VALUE   FROM
                                          NORMAL
................................................
TEMPERATURE (F)
RECORD
 HIGH             107   07/30/2012
                        07/12/1980
                        07/14/1954
 LOW               46   07/06/1972
HIGHEST            92   07/21        MM      MM
                        07/06
LOWEST             59   07/26        MM      MM
                        07/25
AVG. MAXIMUM     86.9              89.5    -2.6
AVG. MINIMUM     67.9              66.6     1.3
MEAN             77.4              78.0    -0.6
DAYS MAX >= 90      8              15.4    -7.4
DAYS MAX <= 32      0               0.0     0.0
DAYS MIN <= 32      0               0.0     0.0
DAYS MIN <= 0       0               0.0     0.0

PRECIPITATION (INCHES)
RECORD
 MAXIMUM         9.70   1949
 MINIMUM         0.38   1953
TOTALS           2.54              3.55   -1.01
DAILY AVG.       0.08              0.11   -0.03
DAYS >= .01         7                MM      MM
DAYS >= .10         3                MM      MM
DAYS >= .50         2                MM      MM
DAYS >= 1.00        1                MM      MM
GREATEST
 24 HR. TOTAL    1.30   07/08 TO 07/08

SNOWFALL (INCHES)
TOTALS          MM
SINCE 7/1       MM
DAYS >= TRACE   MM

DEGREE_DAYS
HEATING TOTAL       0                 0       0
 SINCE 7/1          0                 0       0
COOLING TOTAL     392               405     -13
 SINCE 1/1        804               793      11
.................................................

WIND (MPH)
AVERAGE WIND SPEED              5.1
HIGHEST WIND SPEED/DIRECTION    23/320    DATE  07/10
HIGHEST GUST SPEED/DIRECTION    33/340    DATE  07/10

SKY COVER
POSSIBLE SUNSHINE (PERCENT)   MM
AVERAGE SKY COVER           0.20
NUMBER OF DAYS FAIR           25
NUMBER OF DAYS PC              4
NUMBER OF DAYS CLOUDY          2

AVERAGE RH (PERCENT)     74

WEATHER CONDITIONS. NUMBER OF DAYS WITH
  0
  4
  0
  0
  0
  0
  2
HAZE                      3

-  INDICATES NEGATIVE NUMBERS.
R  INDICATES RECORD WAS SET OR TIED.
MM INDICATES DATA IS MISSING.
T  INDICATES TRACE AMOUNT.

$$



USA.gov is the U.S. government's official web portal to all federal, state and local government web resources and services.
  • National Weather Service
  • WSO Pago Pago Weather Service Office
  • Pago Pago, AS
  • (684) 699-9130
  • Page Author: PPG Webmaster
  • Incorrect Region Format!
  • Web Master's E-mail:
  • Page last modified: Mar 10th, 2020 21:02 UTC